{"id":1986,"date":"2016-10-10T09:18:51","date_gmt":"2016-10-10T09:18:51","guid":{"rendered":"http:\/\/osnovnaskolakrk.hr\/krk\/?page_id=1986"},"modified":"2018-03-02T10:30:16","modified_gmt":"2018-03-02T10:30:16","slug":"uspjesko","status":"publish","type":"page","link":"http:\/\/osnovnaskolakrk.hr\/krk\/uspjesko\/","title":{"rendered":"Uspjesi"},"content":{"rendered":"<p>&nbsp;<\/p>\n<p>**********************************************<\/p>\n<p style=\"text-align: justify;\"><span style=\"font-size: 18pt; font-family: book\\ antiqua, palatino, serif;\"><strong>O\u0160 &#8220;F.K. Frankopan&#8221; Krk osvojila 1. mjesto na Prvenstvu osnovnih \u0161kola u Hrvatskoj u kategoriji 1.- 4. razreda<\/strong><\/span><\/p>\n<p style=\"text-align: justify;\"><span style=\"font-size: 12pt; font-family: book\\ antiqua, palatino, serif;\"><a href=\"http:\/\/osnovnaskolakrk.hr\/krk\/wp-content\/uploads\/IMG-6d7e1e637463261c0ae8a40f1eeb8e17-V-1.jpg\" data-rel=\"lightbox-image-0\" data-rl_title=\"\" data-rl_caption=\"\" title=\"\"><img loading=\"lazy\" class=\"size-medium wp-image-3152 alignleft\" src=\"http:\/\/osnovnaskolakrk.hr\/krk\/wp-content\/uploads\/IMG-6d7e1e637463261c0ae8a40f1eeb8e17-V-1-300x225.jpg\" alt=\"\" width=\"300\" height=\"225\" srcset=\"http:\/\/osnovnaskolakrk.hr\/krk\/wp-content\/uploads\/IMG-6d7e1e637463261c0ae8a40f1eeb8e17-V-1-300x225.jpg 300w, http:\/\/osnovnaskolakrk.hr\/krk\/wp-content\/uploads\/IMG-6d7e1e637463261c0ae8a40f1eeb8e17-V-1-768x576.jpg 768w, http:\/\/osnovnaskolakrk.hr\/krk\/wp-content\/uploads\/IMG-6d7e1e637463261c0ae8a40f1eeb8e17-V-1-624x468.jpg 624w, http:\/\/osnovnaskolakrk.hr\/krk\/wp-content\/uploads\/IMG-6d7e1e637463261c0ae8a40f1eeb8e17-V-1.jpg 800w\" sizes=\"(max-width: 300px) 100vw, 300px\" \/><\/a>Kr\u010dki karatisti su u subotu 24. 2. 2018. nastupili kao predstavnici Osnovne \u0161kole &#8220;F. K. Frankopan&#8221; Krk na Prvenstvu osnovnih \u0161kola u Samoboru. Fantasti\u010dan plasman N. Depikolzvane, M. Bo\u017ei\u0107a, L. Rafaja i A. Majeti\u0107a pozicionirali su \u0161kolu na prvu mjesto mla\u0111ih razreda, iako je ekipa djevoj\u010dica bila diskvalificirana radi nedolaska jedne takmi\u010darke. U ukupnom plasmanu Osnovna \u0161kola&#8221; F.K.Frankopan&#8221; Krk zauzela je 5. mjesto, \u0161to je odli\u010dan rezultat s obzirom na broj osnovnih \u0161kola u Hrvatskoj. <\/span><\/p>\n<p align=\"right\"><cite>\u00a0<\/cite><\/p>\n","protected":false},"excerpt":{"rendered":"<p>&nbsp; ********************************************** O\u0160 &#8220;F.K. Frankopan&#8221; Krk osvojila 1. mjesto na Prvenstvu osnovnih \u0161kola u Hrvatskoj u kategoriji 1.- 4. razreda Kr\u010dki karatisti su u subotu 24. 2. 2018. nastupili kao predstavnici Osnovne \u0161kole &#8220;F. K. Frankopan&#8221; Krk na Prvenstvu osnovnih \u0161kola u Samoboru. Fantasti\u010dan plasman N. Depikolzvane, M. Bo\u017ei\u0107a, L. Rafaja i A. Majeti\u0107a pozicionirali [&hellip;]<\/p>\n","protected":false},"author":13,"featured_media":0,"parent":0,"menu_order":0,"comment_status":"closed","ping_status":"open","template":"","meta":[],"_links":{"self":[{"href":"http:\/\/osnovnaskolakrk.hr\/krk\/wp-json\/wp\/v2\/pages\/1986"}],"collection":[{"href":"http:\/\/osnovnaskolakrk.hr\/krk\/wp-json\/wp\/v2\/pages"}],"about":[{"href":"http:\/\/osnovnaskolakrk.hr\/krk\/wp-json\/wp\/v2\/types\/page"}],"author":[{"embeddable":true,"href":"http:\/\/osnovnaskolakrk.hr\/krk\/wp-json\/wp\/v2\/users\/13"}],"replies":[{"embeddable":true,"href":"http:\/\/osnovnaskolakrk.hr\/krk\/wp-json\/wp\/v2\/comments?post=1986"}],"version-history":[{"count":7,"href":"http:\/\/osnovnaskolakrk.hr\/krk\/wp-json\/wp\/v2\/pages\/1986\/revisions"}],"predecessor-version":[{"id":3153,"href":"http:\/\/osnovnaskolakrk.hr\/krk\/wp-json\/wp\/v2\/pages\/1986\/revisions\/3153"}],"wp:attachment":[{"href":"http:\/\/osnovnaskolakrk.hr\/krk\/wp-json\/wp\/v2\/media?parent=1986"}],"curies":[{"name":"wp","href":"https:\/\/api.w.org\/{rel}","templated":true}]}}

<p>&nbsp;</p>
<p>**********************************************</p>
<p style="text-align: justify;"><span style="font-size: 18pt; font-family: book\ antiqua, palatino, serif;"><strong>OŠ &#8220;F.K. Frankopan&#8221; Krk osvojila 1. mjesto na Prvenstvu osnovnih škola u Hrvatskoj u kategoriji 1.- 4. razreda</strong></span></p>
<p style="text-align: justify;"><span style="font-size: 12pt; font-family: book\ antiqua, palatino, serif;"><a href="http://osnovnaskolakrk.hr/krk/wp-content/uploads/IMG-6d7e1e637463261c0ae8a40f1eeb8e17-V-1.jpg" data-rel="lightbox-image-0" data-rl_title="" data-rl_caption="" title=""><img loading="lazy" class="size-medium wp-image-3152 alignleft" src="http://osnovnaskolakrk.hr/krk/wp-content/uploads/IMG-6d7e1e637463261c0ae8a40f1eeb8e17-V-1-300x225.jpg" alt="" width="300" height="225" srcset="http://osnovnaskolakrk.hr/krk/wp-content/uploads/IMG-6d7e1e637463261c0ae8a40f1eeb8e17-V-1-300x225.jpg 300w, http://osnovnaskolakrk.hr/krk/wp-content/uploads/IMG-6d7e1e637463261c0ae8a40f1eeb8e17-V-1-768x576.jpg 768w, http://osnovnaskolakrk.hr/krk/wp-content/uploads/IMG-6d7e1e637463261c0ae8a40f1eeb8e17-V-1-624x468.jpg 624w, http://osnovnaskolakrk.hr/krk/wp-content/uploads/IMG-6d7e1e637463261c0ae8a40f1eeb8e17-V-1.jpg 800w" sizes="(max-width: 300px) 100vw, 300px" /></a>Krčki karatisti su u subotu 24. 2. 2018. nastupili kao predstavnici Osnovne škole &#8220;F. K. Frankopan&#8221; Krk na Prvenstvu osnovnih škola u Samoboru. Fantastičan plasman N. Depikolzvane, M. Božića, L. Rafaja i A. Majetića pozicionirali su školu na prvu mjesto mlađih razreda, iako je ekipa djevojčica bila diskvalificirana radi nedolaska jedne takmičarke. U ukupnom plasmanu Osnovna škola&#8221; F.K.Frankopan&#8221; Krk zauzela je 5. mjesto, što je odličan rezultat s obzirom na broj osnovnih škola u Hrvatskoj. </span></p>
<p align="right"><cite> </cite></p>

<p>&nbsp; ********************************************** OŠ &#8220;F.K. Frankopan&#8221; Krk osvojila 1. mjesto na Prvenstvu osnovnih škola u Hrvatskoj u kategoriji 1.- 4. razreda Krčki karatisti su u subotu 24. 2. 2018. nastupili kao predstavnici Osnovne škole &#8220;F. K. Frankopan&#8221; Krk na Prvenstvu osnovnih škola u Samoboru. Fantastičan plasman N. Depikolzvane, M. Božića, L. Rafaja i A. Majetića pozicionirali [&hellip;]</p>
