{"id":892,"date":"2014-09-22T11:14:09","date_gmt":"2014-09-22T11:14:09","guid":{"rendered":"http:\/\/osnovnaskolakrk.hr\/krk\/?page_id=892"},"modified":"2023-11-29T11:25:57","modified_gmt":"2023-11-29T11:25:57","slug":"e-dnevnik","status":"publish","type":"page","link":"http:\/\/osnovnaskolakrk.hr\/krk\/e-dnevnik\/","title":{"rendered":"e-Dnevnik"},"content":{"rendered":"<p style=\"text-align: center;\">e-Dnevnik je web aplikacija za vo\u0111enje razredne knjige u elektroni\u010dkom obliku. Aplikaciju je izradio CARNet te ona ima sve funkcionalnosti postoje\u0107e razredne knjige, uz dodatne funkcionalnosti koje omogu\u0107ava uporaba informacijsko-komunikacijskih tehnologija (ICT).Uz postoje\u0107e funkcionalnosti koje sada ima razredna knjiga u papirnatom obliku, aplikacija ima i dodanu vrijednost kroz sustav izvje\u0161taja koji omogu\u0107avaju analize pri pedago\u0161kom pra\u0107enju i izradi izvje\u0161taja koji se pripremaju za sjednice nastavni\u010dkog vije\u0107a. Na brz, jednostavan i pouzdan na\u010din razrednicima, nastavnicima i ravnateljima na ovaj se na\u010din omogu\u0107uje izrada razli\u010ditih izvje\u0161taja o ocjenama i izostancima. Dodatna prednost je suzbijanje neovla\u0161tenog unosa, ali i slu\u010dajeva kra\u0111e i nehoti\u010dnog ili namjernog uni\u0161tavanja razredne knjige koji se ponekad javljaju \u0161kolama.<\/p>\n<p style=\"text-align: center;\">Uspostavljen je i sustav obavje\u0161tavanja roditelja o izostancima djece, tako da roditelji \u010dije je dijete izostalo prethodnog dana, dobiju e-mail s informacijom s kojeg sata je dijete izostalo te zamolbu da se jave razredniku u terminu za informacije.<\/p>\n<p style=\"text-align: center;\">Izra\u0111ena je i aplikacija\u00a0<a href=\"https:\/\/ocjene.skole.hr\/login\">e-Dnevnik za u\u010denike<\/a>\u00a0koja omogu\u0107ava u\u010denicima pregled ocjena, bilje\u0161ki, izostanaka, lektira te raspored pisanih zada\u0107a, koje su upisali nastavnici u e-Dnevnik sustav.<\/p>\n<h3 style=\"text-align: left;\"><a href=\"http:\/\/www.carnet.hr\/e-dnevnik\/roditelji\" target=\"_blank\" rel=\"noopener noreferrer\">e-Dnevnik &#8211;\u00a0Upute za roditelje<\/a><\/h3>\n<h3><a href=\"http:\/\/www.carnet.hr\/e-dnevnik\/ucenici\" target=\"_blank\" rel=\"noopener noreferrer\">e-Dnevnik &#8211;\u00a0Upute za u\u010denike<\/a><\/h3>\n<p>&nbsp;<\/p>\n<p>[askme]<\/p>\n","protected":false},"excerpt":{"rendered":"<p>e-Dnevnik je web aplikacija za vo\u0111enje razredne knjige u elektroni\u010dkom obliku. Aplikaciju je izradio CARNet te ona ima sve funkcionalnosti postoje\u0107e razredne knjige, uz dodatne funkcionalnosti koje omogu\u0107ava uporaba informacijsko-komunikacijskih tehnologija (ICT).Uz postoje\u0107e funkcionalnosti koje sada ima razredna knjiga u papirnatom obliku, aplikacija ima i dodanu vrijednost kroz sustav izvje\u0161taja koji omogu\u0107avaju analize pri pedago\u0161kom [&hellip;]<\/p>\n","protected":false},"author":13,"featured_media":0,"parent":0,"menu_order":0,"comment_status":"closed","ping_status":"open","template":"","meta":[],"_links":{"self":[{"href":"http:\/\/osnovnaskolakrk.hr\/krk\/wp-json\/wp\/v2\/pages\/892"}],"collection":[{"href":"http:\/\/osnovnaskolakrk.hr\/krk\/wp-json\/wp\/v2\/pages"}],"about":[{"href":"http:\/\/osnovnaskolakrk.hr\/krk\/wp-json\/wp\/v2\/types\/page"}],"author":[{"embeddable":true,"href":"http:\/\/osnovnaskolakrk.hr\/krk\/wp-json\/wp\/v2\/users\/13"}],"replies":[{"embeddable":true,"href":"http:\/\/osnovnaskolakrk.hr\/krk\/wp-json\/wp\/v2\/comments?post=892"}],"version-history":[{"count":47,"href":"http:\/\/osnovnaskolakrk.hr\/krk\/wp-json\/wp\/v2\/pages\/892\/revisions"}],"predecessor-version":[{"id":6684,"href":"http:\/\/osnovnaskolakrk.hr\/krk\/wp-json\/wp\/v2\/pages\/892\/revisions\/6684"}],"wp:attachment":[{"href":"http:\/\/osnovnaskolakrk.hr\/krk\/wp-json\/wp\/v2\/media?parent=892"}],"curies":[{"name":"wp","href":"https:\/\/api.w.org\/{rel}","templated":true}]}}