{"id":1332,"date":"2014-02-14T08:19:10","date_gmt":"2014-02-14T08:19:10","guid":{"rendered":"http:\/\/osnovnaskolakrk.hr\/vrbnik\/?page_id=1332"},"modified":"2025-08-30T11:31:43","modified_gmt":"2025-08-30T11:31:43","slug":"3razred","status":"publish","type":"page","link":"http:\/\/osnovnaskolakrk.hr\/vrbnik\/3razred\/","title":{"rendered":"3. razred"},"content":{"rendered":"<p><strong>3. RAZRED \u2013 razrednica Kristina Ko\u0161\u010di\u0107<\/strong><\/p>\n","protected":false},"excerpt":{"rendered":"<p>3. RAZRED \u2013 razrednica Kristina Ko\u0161\u010di\u0107<\/p>\n","protected":false},"author":3,"featured_media":0,"parent":0,"menu_order":0,"comment_status":"open","ping_status":"closed","template":"","meta":{"footnotes":""},"class_list":["post-1332","page","type-page","status-publish","hentry"],"_links":{"self":[{"href":"http:\/\/osnovnaskolakrk.hr\/vrbnik\/wp-json\/wp\/v2\/pages\/1332","targetHints":{"allow":["GET"]}}],"collection":[{"href":"http:\/\/osnovnaskolakrk.hr\/vrbnik\/wp-json\/wp\/v2\/pages"}],"about":[{"href":"http:\/\/osnovnaskolakrk.hr\/vrbnik\/wp-json\/wp\/v2\/types\/page"}],"author":[{"embeddable":true,"href":"http:\/\/osnovnaskolakrk.hr\/vrbnik\/wp-json\/wp\/v2\/users\/3"}],"replies":[{"embeddable":true,"href":"http:\/\/osnovnaskolakrk.hr\/vrbnik\/wp-json\/wp\/v2\/comments?post=1332"}],"version-history":[{"count":20,"href":"http:\/\/osnovnaskolakrk.hr\/vrbnik\/wp-json\/wp\/v2\/pages\/1332\/revisions"}],"predecessor-version":[{"id":10560,"href":"http:\/\/osnovnaskolakrk.hr\/vrbnik\/wp-json\/wp\/v2\/pages\/1332\/revisions\/10560"}],"wp:attachment":[{"href":"http:\/\/osnovnaskolakrk.hr\/vrbnik\/wp-json\/wp\/v2\/media?parent=1332"}],"curies":[{"name":"wp","href":"https:\/\/api.w.org\/{rel}","templated":true}]}}