{"id":327,"date":"2013-10-24T08:08:27","date_gmt":"2013-10-24T08:08:27","guid":{"rendered":"http:\/\/osnovnaskolakrk.hr\/vrbnik\/?page_id=327"},"modified":"2015-04-08T11:49:16","modified_gmt":"2015-04-08T11:49:16","slug":"safran","status":"publish","type":"page","link":"http:\/\/osnovnaskolakrk.hr\/vrbnik\/safran\/","title":{"rendered":"Projekt &#8220;\u0160afran&#8221;"},"content":{"rendered":"<p style=\"text-align: center;\"><strong>PROJEKT \u0160AFRAN 2014.\/2015.<\/strong><\/p>\n<p style=\"text-align: center;\"><a href=\"http:\/\/osnovnaskolakrk.hr\/vrbnik\/wp-content\/uploads\/2013-11-26-826.jpg\" data-rel=\"lightbox-image-0\" data-rl_title=\"\" data-rl_caption=\"\" title=\"\"><img loading=\"lazy\" decoding=\"async\" class=\" size-medium wp-image-1015 alignleft\" src=\"http:\/\/osnovnaskolakrk.hr\/vrbnik\/wp-content\/uploads\/2013-11-26-826-206x300.jpg\" alt=\"2013-11-26-826\" width=\"206\" height=\"300\" srcset=\"http:\/\/osnovnaskolakrk.hr\/vrbnik\/wp-content\/uploads\/2013-11-26-826-206x300.jpg 206w, http:\/\/osnovnaskolakrk.hr\/vrbnik\/wp-content\/uploads\/2013-11-26-826-704x1024.jpg 704w, http:\/\/osnovnaskolakrk.hr\/vrbnik\/wp-content\/uploads\/2013-11-26-826.jpg 1823w\" sizes=\"auto, (max-width: 206px) 100vw, 206px\" \/><\/a><\/p>\n<p style=\"text-align: justify;\">Tre\u0107u godinu za redom sudjelujemo u me\u0111unarodnom Projektu \u0160afran. Znamo da ste ve\u0107 navikli primijetiti \u017eute vjesnike prolje\u0107a koji krase okoli\u0161 \u0161kole. Pripremite se! Ove godine bit \u0107e ih jo\u0161 i vi\u0161e u vrtu ali i pred ulaznim vratima \u0161kole. Priupitajte nas za\u0161to sadimo \u0161afrane i odakle nam toliko lijepi primjerci svake godine &#8211; rado \u0107emo vas pou\u010diti.<\/p>\n<p style=\"text-align: justify;\">Pro\u0161e\u0107ite krajem sije\u010dnja i po\u010detkom velja\u010de na\u0161im dvori\u0161tem i provjerite koliko smo dobro obavili svoj posao.<\/p>\n<p style=\"text-align: right;\">Sedma\u0161i i u\u010diteljica Martina<\/p>\n<p style=\"text-align: center;\">____________________________________________<\/p>\n<p style=\"text-align: center;\"><strong>PROJEKT \u0160AFRAN 2013\/2014.<\/strong><\/p>\n<p style=\"text-align: justify;\">Iako je bio prosina\u010dki petak trinaesti i za o\u010dekivati je da \u0107e vani biti vrlo hladno pa mo\u017eda \u010dak i snje\u017eno, mi smo proveli predivni sun\u010dani sat van zidova \u0161kole. Dobili smo novu, ovogodi\u0161nju po\u0161iljku lukovica \u0161afrana za na\u0161 Projekt koji smo zapo\u010deli pro\u0161le \u0161kolske godine. Odlu\u010dili smo lukovice ove godine posaditi u dvije ukrasne posude za cvije\u0107e koje \u0107e stajati na sun\u010danom ulazu \u0161kole.\u00a0Za drena\u017eu smo iskoristili nekoliko kerami\u010dkih plo\u010dica koje smo (s gu\u0161tom \ud83d\ude42 ) razbili \u010deki\u0107em u sitnije komade i polo\u017eili ih na dno posuda koje smo zatim napunili zemljom u koju smo zasadili na\u0161e lukovice. Nakon uspje\u0161ne operacije sa\u0111enja prona\u0161li smo idealno mjesto i dobro ih zalili.<\/p>\n<p style=\"text-align: justify;\">Nadamo se blagoj zimi kako bi na\u0161e cvije\u0107e uspje\u0161no raslo i procvjetalo krajem sije\u010dnja kada \u0107emo obilje\u017eiti Me\u0111unarodni dan sje\u0107anja na \u017ertve holokausta (27. sije\u010dnja).<\/p>\n<p style=\"text-align: justify;\">Veselimo se \u017earkim \u017eutim cvjeti\u0107ima koji \u0107e u jo\u0161 ve\u0107em broju nego lani krasiti okoli\u0161 na\u0161e \u0161kole!<\/p>\n<p style=\"text-align: right;\">Osma\u0161i i u\u010diteljica Martina<\/p>\n<p>&nbsp;<\/p>\n<p>&nbsp;<\/p>\n<p style=\"text-align: center;\">____________________________________________________<\/p>\n<p>&nbsp;<\/p>\n<p><a href=\"http:\/\/osnovnaskolakrk.hr\/vrbnik\/wp-content\/uploads\/crocus-logo-for-heti-site.jpg\" data-rel=\"lightbox-image-1\" data-rl_title=\"\" data-rl_caption=\"\" title=\"\"><img loading=\"lazy\" decoding=\"async\" class=\"size-full wp-image-331 alignleft\" src=\"http:\/\/osnovnaskolakrk.hr\/vrbnik\/wp-content\/uploads\/crocus-logo-for-heti-site.jpg\" alt=\"crocus-logo-for-heti-site\" width=\"236\" height=\"120\" \/><\/a><\/p>\n<p style=\"text-align: justify;\"><strong>Projekt &#8220;\u0160afran&#8221; (The Crocus Project)<\/strong> je me\u0111unarodni projekt u koji su uklju\u010dena djeca od 11 do 18 godina, a Projektu se u \u0161kolskoj godini 2012.\/2013. priklju\u010duje i O\u0160 Vrbnik pod vodstvom u\u010diteljice Martine Jurjevi\u0107.<\/p>\n<p style=\"text-align: justify;\">Projekt na opipljiv na\u010din upoznaje mlade ljude s temom Holokausta i podi\u017ee svijest o opasnostima diskriminacije, predrasuda i nesno\u0161ljivosti. Uklju\u010divanje djece u sadnju lukovica i promatranje cvije\u0107a kako raste poti\u010de kontinuirano u\u010denje o va\u017enosti tolerancije i po\u0161tovanja.<\/p>\n<p style=\"text-align: justify;\">Irska zaklada za obrazovanje o Holokaustu (Holocaust Education Trust Ireland) opskrbljuje \u0161kole lukovicama \u017eutog \u0161afrana koje se ujesen sade <strong>u znak sje\u0107anja na milijun i pol \u017eidovske djece i tisu\u0107e druge djece koja su umrla u Holokaustu<\/strong>. \u017duti cvjetovi podsje\u0107aju na \u017eute Davidove zvijezde koje su \u017didovi bili prisiljeni nositi pod nacisti\u010dkom vla\u0161\u0107u. <a href=\"http:\/\/osnovnaskolakrk.hr\/vrbnik\/wp-content\/uploads\/crocus-dutch-yellow-giant-1024x768.jpg\" data-rel=\"lightbox-image-2\" data-rl_title=\"\" data-rl_caption=\"\" title=\"\"><img loading=\"lazy\" decoding=\"async\" class=\" wp-image-330 alignright\" src=\"http:\/\/osnovnaskolakrk.hr\/vrbnik\/wp-content\/uploads\/crocus-dutch-yellow-giant-1024x768-300x225.jpg\" alt=\"crocus-dutch-yellow-giant-1024x768\" width=\"210\" height=\"158\" srcset=\"http:\/\/osnovnaskolakrk.hr\/vrbnik\/wp-content\/uploads\/crocus-dutch-yellow-giant-1024x768-300x225.jpg 300w, http:\/\/osnovnaskolakrk.hr\/vrbnik\/wp-content\/uploads\/crocus-dutch-yellow-giant-1024x768.jpg 1024w\" sizes=\"auto, (max-width: 210px) 100vw, 210px\" \/><\/a>\u0160afran cvate krajem sije\u010dnja ili po\u010detkom velja\u010de, otprilike u vrijeme Me\u0111unarodnog dana sje\u0107anja na Holokaust (27. sije\u010dnja). Kada se ljudi dive cvije\u0107u, djeca mogu objasniti \u0161to ono predstavlja.<\/p>\n<p style=\"text-align: justify;\">Na nastavi vjeronauka u vi\u0161im razredima ve\u0107 godinama kontinuirano poku\u0161avam posvijestiti u\u010denicima va\u017enost razbijanja predrasuda, diskriminacije i bilo kakvog nepo\u0161tivanja. Cilj mi je da u\u010denici izgrade \u010dvrsti stav i aktivno \u0161ire uvjerenja tolerancije i mirnog su\u017eivota u raznolikosti koja oplemenjuje okolinu u kojoj \u017eive. Projektu su se iskreno razveselili i prionuli mu zdu\u0161no i s pa\u017enjom kakvu detaljima samo djeca mogu posvetiti. Stoga smo odlu\u010dili Projekt pro\u0161iriti i na novu \u0161kolsku godinu i ubrzo o\u010dekujemo novu po\u0161iljku lukovica koje \u0107emo ponovno posaditi.<\/p>\n<p style=\"text-align: justify;\">Ukoliko vas ne\u0161to vi\u0161e zanima o Projektu &#8220;\u0160afran&#8221; mo\u017eete ukratko \u010ditati ovdje &#8211; \u00a0<a href=\"http:\/\/osnovnaskolakrk.hr\/vrbnik\/wp-content\/uploads\/Crocus_Handbook_-_Croatian.pdf\">Crocus_Handbook_-_Croatian<\/a><\/p>\n<p style=\"text-align: justify;\">Galerija fotografija\u00a0<a href=\"http:\/\/imgur.com\/a\/TBeqK\">\u0160afran 2012\/2013 &#8211; Imgur<\/a>.<\/p>\n<p style=\"text-align: justify;\">\n","protected":false},"excerpt":{"rendered":"<p>PROJEKT \u0160AFRAN 2014.\/2015. Tre\u0107u godinu za redom sudjelujemo u me\u0111unarodnom Projektu \u0160afran. Znamo da ste ve\u0107 navikli primijetiti \u017eute vjesnike prolje\u0107a koji krase okoli\u0161 \u0161kole. Pripremite se! Ove godine bit \u0107e ih jo\u0161 i vi\u0161e u vrtu ali i pred ulaznim vratima \u0161kole. Priupitajte nas za\u0161to sadimo \u0161afrane i odakle nam toliko lijepi primjerci svake [&hellip;]<\/p>\n","protected":false},"author":3,"featured_media":0,"parent":0,"menu_order":0,"comment_status":"open","ping_status":"open","template":"","meta":{"footnotes":""},"class_list":["post-327","page","type-page","status-publish","hentry"],"_links":{"self":[{"href":"http:\/\/osnovnaskolakrk.hr\/vrbnik\/wp-json\/wp\/v2\/pages\/327","targetHints":{"allow":["GET"]}}],"collection":[{"href":"http:\/\/osnovnaskolakrk.hr\/vrbnik\/wp-json\/wp\/v2\/pages"}],"about":[{"href":"http:\/\/osnovnaskolakrk.hr\/vrbnik\/wp-json\/wp\/v2\/types\/page"}],"author":[{"embeddable":true,"href":"http:\/\/osnovnaskolakrk.hr\/vrbnik\/wp-json\/wp\/v2\/users\/3"}],"replies":[{"embeddable":true,"href":"http:\/\/osnovnaskolakrk.hr\/vrbnik\/wp-json\/wp\/v2\/comments?post=327"}],"version-history":[{"count":11,"href":"http:\/\/osnovnaskolakrk.hr\/vrbnik\/wp-json\/wp\/v2\/pages\/327\/revisions"}],"predecessor-version":[{"id":2822,"href":"http:\/\/osnovnaskolakrk.hr\/vrbnik\/wp-json\/wp\/v2\/pages\/327\/revisions\/2822"}],"wp:attachment":[{"href":"http:\/\/osnovnaskolakrk.hr\/vrbnik\/wp-json\/wp\/v2\/media?parent=327"}],"curies":[{"name":"wp","href":"https:\/\/api.w.org\/{rel}","templated":true}]}}