{"id":57,"date":"2013-05-22T16:25:27","date_gmt":"2013-05-22T16:25:27","guid":{"rendered":"http:\/\/osnovnaskolakrk.hr\/vrbnik\/?page_id=57"},"modified":"2021-05-06T07:48:13","modified_gmt":"2021-05-06T07:48:13","slug":"knjiznica-2","status":"publish","type":"page","link":"http:\/\/osnovnaskolakrk.hr\/vrbnik\/knjiznica-2\/","title":{"rendered":"KNJI\u017dNICA"},"content":{"rendered":"<p style=\"text-align: left;\"><b>\u0160kolska knji\u017enica P\u0160 Vrbnik<\/b><\/p>\n<p><b>Knji\u017eni\u010darka<\/b>: Irena \u017dgalji\u0107 Maga\u0161i\u0107<\/p>\n<p style=\"text-align: center;\"><b>Radno vrijeme \u0161kolske knji\u017enice<\/b><\/p>\n<p style=\"text-align: center;\"><b>Srijeda<\/b>: 7.30-13.30<\/p>\n<p style=\"text-align: center;\"><b>Petak<\/b>: 7.30-10.00 (po potrebi do 13.30 ili u <strong>P\u0160 Punat<\/strong> od 10.30 do 13.30)<\/p>\n<p style=\"text-align: center;\">\u00a0<a href=\"http:\/\/osnovnaskolakrk.hr\/vrbnik\/wp-content\/uploads\/2013\/05\/knji1a.jpg\" data-rel=\"lightbox-image-0\" data-rl_title=\"\" data-rl_caption=\"\" title=\"\"><img loading=\"lazy\" decoding=\"async\" class=\"alignnone size-full wp-image-3501\" src=\"http:\/\/osnovnaskolakrk.hr\/vrbnik\/wp-content\/uploads\/2013\/05\/knji1a.jpg\" alt=\"knji1a\" width=\"300\" height=\"225\" srcset=\"http:\/\/osnovnaskolakrk.hr\/vrbnik\/wp-content\/uploads\/2013\/05\/knji1a.jpg 300w, http:\/\/osnovnaskolakrk.hr\/vrbnik\/wp-content\/uploads\/2013\/05\/knji1a-160x120.jpg 160w\" sizes=\"auto, (max-width: 300px) 100vw, 300px\" \/><\/a> <a href=\"http:\/\/osnovnaskolakrk.hr\/vrbnik\/wp-content\/uploads\/2013\/05\/knji2a.jpg\" data-rel=\"lightbox-image-1\" data-rl_title=\"\" data-rl_caption=\"\" title=\"\"><img loading=\"lazy\" decoding=\"async\" class=\"alignnone size-medium wp-image-3502\" src=\"http:\/\/osnovnaskolakrk.hr\/vrbnik\/wp-content\/uploads\/2013\/05\/knji2a.jpg\" alt=\"knji2a\" width=\"300\" height=\"225\" srcset=\"http:\/\/osnovnaskolakrk.hr\/vrbnik\/wp-content\/uploads\/2013\/05\/knji2a.jpg 300w, http:\/\/osnovnaskolakrk.hr\/vrbnik\/wp-content\/uploads\/2013\/05\/knji2a-160x120.jpg 160w\" sizes=\"auto, (max-width: 300px) 100vw, 300px\" \/><\/a><\/p>\n<p>&nbsp;<\/p>\n","protected":false},"excerpt":{"rendered":"<p>\u0160kolska knji\u017enica P\u0160 Vrbnik Knji\u017eni\u010darka: Irena \u017dgalji\u0107 Maga\u0161i\u0107 Radno vrijeme \u0161kolske knji\u017enice Srijeda: 7.30-13.30 Petak: 7.30-10.00 (po potrebi do 13.30 ili u P\u0160 Punat od 10.30 do 13.30) \u00a0 &nbsp;<\/p>\n","protected":false},"author":1,"featured_media":0,"parent":0,"menu_order":0,"comment_status":"open","ping_status":"open","template":"","meta":{"footnotes":""},"class_list":["post-57","page","type-page","status-publish","hentry"],"_links":{"self":[{"href":"http:\/\/osnovnaskolakrk.hr\/vrbnik\/wp-json\/wp\/v2\/pages\/57","targetHints":{"allow":["GET"]}}],"collection":[{"href":"http:\/\/osnovnaskolakrk.hr\/vrbnik\/wp-json\/wp\/v2\/pages"}],"about":[{"href":"http:\/\/osnovnaskolakrk.hr\/vrbnik\/wp-json\/wp\/v2\/types\/page"}],"author":[{"embeddable":true,"href":"http:\/\/osnovnaskolakrk.hr\/vrbnik\/wp-json\/wp\/v2\/users\/1"}],"replies":[{"embeddable":true,"href":"http:\/\/osnovnaskolakrk.hr\/vrbnik\/wp-json\/wp\/v2\/comments?post=57"}],"version-history":[{"count":9,"href":"http:\/\/osnovnaskolakrk.hr\/vrbnik\/wp-json\/wp\/v2\/pages\/57\/revisions"}],"predecessor-version":[{"id":7130,"href":"http:\/\/osnovnaskolakrk.hr\/vrbnik\/wp-json\/wp\/v2\/pages\/57\/revisions\/7130"}],"wp:attachment":[{"href":"http:\/\/osnovnaskolakrk.hr\/vrbnik\/wp-json\/wp\/v2\/media?parent=57"}],"curies":[{"name":"wp","href":"https:\/\/api.w.org\/{rel}","templated":true}]}}

KNJIŽNICA

<p style="text-align: left;"><b>Školska knjižnica PŠ Vrbnik</b></p>
<p><b>Knjižničarka</b>: Irena Žgaljić Magašić</p>
<p style="text-align: center;"><b>Radno vrijeme školske knjižnice</b></p>
<p style="text-align: center;"><b>Srijeda</b>: 7.30-13.30</p>
<p style="text-align: center;"><b>Petak</b>: 7.30-10.00 (po potrebi do 13.30 ili u <strong>PŠ Punat</strong> od 10.30 do 13.30)</p>
<p style="text-align: center;"> <a href="http://osnovnaskolakrk.hr/vrbnik/wp-content/uploads/2013/05/knji1a.jpg" data-rel="lightbox-image-0" data-rl_title="" data-rl_caption="" title=""><img loading="lazy" decoding="async" class="alignnone size-full wp-image-3501" src="http://osnovnaskolakrk.hr/vrbnik/wp-content/uploads/2013/05/knji1a.jpg" alt="knji1a" width="300" height="225" srcset="http://osnovnaskolakrk.hr/vrbnik/wp-content/uploads/2013/05/knji1a.jpg 300w, http://osnovnaskolakrk.hr/vrbnik/wp-content/uploads/2013/05/knji1a-160x120.jpg 160w" sizes="auto, (max-width: 300px) 100vw, 300px" /></a> <a href="http://osnovnaskolakrk.hr/vrbnik/wp-content/uploads/2013/05/knji2a.jpg" data-rel="lightbox-image-1" data-rl_title="" data-rl_caption="" title=""><img loading="lazy" decoding="async" class="alignnone size-medium wp-image-3502" src="http://osnovnaskolakrk.hr/vrbnik/wp-content/uploads/2013/05/knji2a.jpg" alt="knji2a" width="300" height="225" srcset="http://osnovnaskolakrk.hr/vrbnik/wp-content/uploads/2013/05/knji2a.jpg 300w, http://osnovnaskolakrk.hr/vrbnik/wp-content/uploads/2013/05/knji2a-160x120.jpg 160w" sizes="auto, (max-width: 300px) 100vw, 300px" /></a></p>
<p>&nbsp;</p>

<p>Školska knjižnica PŠ Vrbnik Knjižničarka: Irena Žgaljić Magašić Radno vrijeme školske knjižnice Srijeda: 7.30-13.30 Petak: 7.30-10.00 (po potrebi do 13.30 ili u PŠ Punat od 10.30 do 13.30)   &nbsp;</p>
