{"id":6667,"date":"2020-09-17T06:23:22","date_gmt":"2020-09-17T06:23:22","guid":{"rendered":"http:\/\/osnovnaskolakrk.hr\/vrbnik\/?page_id=6667"},"modified":"2025-09-01T11:17:14","modified_gmt":"2025-09-01T11:17:14","slug":"marenda","status":"publish","type":"page","link":"http:\/\/osnovnaskolakrk.hr\/vrbnik\/marenda\/","title":{"rendered":"\u0160kolska kuhinja"},"content":{"rendered":"<p style=\"text-align: center;\"><em> <img loading=\"lazy\" decoding=\"async\" class=\"aligncenter size-full wp-image-10575\" src=\"http:\/\/osnovnaskolakrk.hr\/vrbnik\/wp-content\/uploads\/2025\/09\/Marenda-Vrbnik.jpg\" alt=\"\" width=\"1085\" height=\"1611\" srcset=\"http:\/\/osnovnaskolakrk.hr\/vrbnik\/wp-content\/uploads\/2025\/09\/Marenda-Vrbnik.jpg 1085w, http:\/\/osnovnaskolakrk.hr\/vrbnik\/wp-content\/uploads\/2025\/09\/Marenda-Vrbnik-768x1140.jpg 768w, http:\/\/osnovnaskolakrk.hr\/vrbnik\/wp-content\/uploads\/2025\/09\/Marenda-Vrbnik-1034x1536.jpg 1034w, http:\/\/osnovnaskolakrk.hr\/vrbnik\/wp-content\/uploads\/2025\/09\/Marenda-Vrbnik-624x927.jpg 624w\" sizes=\"auto, (max-width: 1085px) 100vw, 1085px\" \/><\/em><\/p>\n<p style=\"text-align: center;\"><em>Meni \u0161kolske marende je promjenjiv u slu\u010daju da odre\u0111ene namirnice nisu dobavljive.<\/em><\/p>\n","protected":false},"excerpt":{"rendered":"<p>Meni \u0161kolske marende je promjenjiv u slu\u010daju da odre\u0111ene namirnice nisu dobavljive.<\/p>\n","protected":false},"author":3,"featured_media":0,"parent":0,"menu_order":0,"comment_status":"closed","ping_status":"closed","template":"","meta":{"footnotes":""},"class_list":["post-6667","page","type-page","status-publish","hentry"],"_links":{"self":[{"href":"http:\/\/osnovnaskolakrk.hr\/vrbnik\/wp-json\/wp\/v2\/pages\/6667","targetHints":{"allow":["GET"]}}],"collection":[{"href":"http:\/\/osnovnaskolakrk.hr\/vrbnik\/wp-json\/wp\/v2\/pages"}],"about":[{"href":"http:\/\/osnovnaskolakrk.hr\/vrbnik\/wp-json\/wp\/v2\/types\/page"}],"author":[{"embeddable":true,"href":"http:\/\/osnovnaskolakrk.hr\/vrbnik\/wp-json\/wp\/v2\/users\/3"}],"replies":[{"embeddable":true,"href":"http:\/\/osnovnaskolakrk.hr\/vrbnik\/wp-json\/wp\/v2\/comments?post=6667"}],"version-history":[{"count":13,"href":"http:\/\/osnovnaskolakrk.hr\/vrbnik\/wp-json\/wp\/v2\/pages\/6667\/revisions"}],"predecessor-version":[{"id":10576,"href":"http:\/\/osnovnaskolakrk.hr\/vrbnik\/wp-json\/wp\/v2\/pages\/6667\/revisions\/10576"}],"wp:attachment":[{"href":"http:\/\/osnovnaskolakrk.hr\/vrbnik\/wp-json\/wp\/v2\/media?parent=6667"}],"curies":[{"name":"wp","href":"https:\/\/api.w.org\/{rel}","templated":true}]}}

Školska kuhinja

<p style="text-align: center;"><em> <img loading="lazy" decoding="async" class="aligncenter size-full wp-image-10575" src="http://osnovnaskolakrk.hr/vrbnik/wp-content/uploads/2025/09/Marenda-Vrbnik.jpg" alt="" width="1085" height="1611" srcset="http://osnovnaskolakrk.hr/vrbnik/wp-content/uploads/2025/09/Marenda-Vrbnik.jpg 1085w, http://osnovnaskolakrk.hr/vrbnik/wp-content/uploads/2025/09/Marenda-Vrbnik-768x1140.jpg 768w, http://osnovnaskolakrk.hr/vrbnik/wp-content/uploads/2025/09/Marenda-Vrbnik-1034x1536.jpg 1034w, http://osnovnaskolakrk.hr/vrbnik/wp-content/uploads/2025/09/Marenda-Vrbnik-624x927.jpg 624w" sizes="auto, (max-width: 1085px) 100vw, 1085px" /></em></p>
<p style="text-align: center;"><em>Meni školske marende je promjenjiv u slučaju da određene namirnice nisu dobavljive.</em></p>

<p>Meni školske marende je promjenjiv u slučaju da određene namirnice nisu dobavljive.</p>
