{"id":6712,"date":"2020-10-06T11:19:35","date_gmt":"2020-10-06T11:19:35","guid":{"rendered":"http:\/\/osnovnaskolakrk.hr\/vrbnik\/?page_id=6712"},"modified":"2020-10-06T11:19:35","modified_gmt":"2020-10-06T11:19:35","slug":"potvrda-o-statusu-redovitog-ucenika","status":"publish","type":"page","link":"http:\/\/osnovnaskolakrk.hr\/vrbnik\/potvrda-o-statusu-redovitog-ucenika\/","title":{"rendered":"POTVRDA O STATUSU REDOVITOG U\u010cENIKA"},"content":{"rendered":"<p style=\"text-align: justify;\">Po\u0161tovani u\u010denici i roditelji,<\/p>\n<p style=\"text-align: justify;\">na poveznici\u00a0<a href=\"https:\/\/potvrde.skole.hr\/login?fbclid=IwAR02UWbhSe64-q0QTxrkHEXtpT6CYfb2nAJ1BMhJZEQcACPwIEdxqwdvsAY\">https:\/\/potvrde.skole.hr\/login\u00a0<\/a>mo\u017eete\u00a0preuzeti i ispisati elektroni\u010dki zapis\/ potvrdu o statusu redovitog u\u010denika. Sustav\u00a0za izdavanje e-potvrda o statusu \u0161kolovanja redovitog u\u010denika omogu\u0107ava izdavanje potvrde u razli\u010dite svrhe, a\u00a0podatke o u\u010denicima preuzima iz baze podataka e-Matica u kojoj su svi u\u010denici.<\/p>\n<p style=\"text-align: justify;\">U padaju\u0107em izborniku mogu\u0107e je izabrati svrhu potvrde. Prijava za sve u\u010denike putem AAI@EduHr elektroni\u010dkog identiteta.<\/p>\n<p style=\"text-align: right;\">Tajnica Dolores Pujas Majurec<\/p>\n","protected":false},"excerpt":{"rendered":"<p>Po\u0161tovani u\u010denici i roditelji, na poveznici\u00a0https:\/\/potvrde.skole.hr\/login\u00a0mo\u017eete\u00a0preuzeti i ispisati elektroni\u010dki zapis\/ potvrdu o statusu redovitog u\u010denika. Sustav\u00a0za izdavanje e-potvrda o statusu \u0161kolovanja redovitog u\u010denika omogu\u0107ava izdavanje potvrde u razli\u010dite svrhe, a\u00a0podatke o u\u010denicima preuzima iz baze podataka e-Matica u kojoj su svi u\u010denici. U padaju\u0107em izborniku mogu\u0107e je izabrati svrhu potvrde. Prijava za sve u\u010denike putem [&hellip;]<\/p>\n","protected":false},"author":3,"featured_media":0,"parent":0,"menu_order":0,"comment_status":"closed","ping_status":"closed","template":"","meta":{"footnotes":""},"class_list":["post-6712","page","type-page","status-publish","hentry"],"_links":{"self":[{"href":"http:\/\/osnovnaskolakrk.hr\/vrbnik\/wp-json\/wp\/v2\/pages\/6712","targetHints":{"allow":["GET"]}}],"collection":[{"href":"http:\/\/osnovnaskolakrk.hr\/vrbnik\/wp-json\/wp\/v2\/pages"}],"about":[{"href":"http:\/\/osnovnaskolakrk.hr\/vrbnik\/wp-json\/wp\/v2\/types\/page"}],"author":[{"embeddable":true,"href":"http:\/\/osnovnaskolakrk.hr\/vrbnik\/wp-json\/wp\/v2\/users\/3"}],"replies":[{"embeddable":true,"href":"http:\/\/osnovnaskolakrk.hr\/vrbnik\/wp-json\/wp\/v2\/comments?post=6712"}],"version-history":[{"count":1,"href":"http:\/\/osnovnaskolakrk.hr\/vrbnik\/wp-json\/wp\/v2\/pages\/6712\/revisions"}],"predecessor-version":[{"id":6714,"href":"http:\/\/osnovnaskolakrk.hr\/vrbnik\/wp-json\/wp\/v2\/pages\/6712\/revisions\/6714"}],"wp:attachment":[{"href":"http:\/\/osnovnaskolakrk.hr\/vrbnik\/wp-json\/wp\/v2\/media?parent=6712"}],"curies":[{"name":"wp","href":"https:\/\/api.w.org\/{rel}","templated":true}]}}