{"id":150,"date":"2013-10-19T22:39:02","date_gmt":"2013-10-19T22:39:02","guid":{"rendered":"http:\/\/osnovnaskolakrk.hr\/vrh\/?page_id=150"},"modified":"2016-09-30T10:50:21","modified_gmt":"2016-09-30T10:50:21","slug":"knjiznica","status":"publish","type":"page","link":"http:\/\/osnovnaskolakrk.hr\/vrh\/?page_id=150","title":{"rendered":"KNJI\u017dNICA"},"content":{"rendered":"<p style=\"text-align: center;\"><span style=\"font-size: large;\"><strong>Radno vrijeme \u0161kolske knji\u017enice<\/strong><\/span><\/p>\n<p style=\"text-align: center;\"><strong>PONEDJELJAK<\/strong><\/p>\n<p style=\"text-align: center;\"><strong>7.30 &#8211; 13.30<\/strong><\/p>\n<p style=\"text-align: center;\">\n<p style=\"text-align: center;\"><strong>\u010cETVRTAK<\/strong><\/p>\n<p style=\"text-align: center;\"><strong>7.30 \u2013 10.00<\/strong><\/p>\n<p style=\"text-align: center;\"><strong>knji\u017eni\u010darka:<\/strong> Irena \u017dgalji\u0107 Maga\u0161i\u0107 <a href=\"http:\/\/osnovnaskolakrk.hr\/vrh\/wp-content\/uploads\/knji4_ris.jpg\"><img loading=\"lazy\" class=\"alignnone size-medium wp-image-436\" src=\"http:\/\/osnovnaskolakrk.hr\/vrh\/wp-content\/uploads\/knji4_ris-300x225.jpg\" alt=\"knji4_ris\" width=\"300\" height=\"225\" srcset=\"http:\/\/osnovnaskolakrk.hr\/vrh\/wp-content\/uploads\/knji4_ris-300x225.jpg 300w, http:\/\/osnovnaskolakrk.hr\/vrh\/wp-content\/uploads\/knji4_ris.jpg 800w\" sizes=\"(max-width: 300px) 100vw, 300px\" \/><\/a> <a href=\"http:\/\/osnovnaskolakrk.hr\/vrh\/wp-content\/uploads\/knji1_ris1.jpg\"><img loading=\"lazy\" class=\"alignnone size-medium wp-image-442\" src=\"http:\/\/osnovnaskolakrk.hr\/vrh\/wp-content\/uploads\/knji1_ris1-300x225.jpg\" alt=\"knji1_ris\" width=\"300\" height=\"225\" srcset=\"http:\/\/osnovnaskolakrk.hr\/vrh\/wp-content\/uploads\/knji1_ris1-300x225.jpg 300w, http:\/\/osnovnaskolakrk.hr\/vrh\/wp-content\/uploads\/knji1_ris1.jpg 800w\" sizes=\"(max-width: 300px) 100vw, 300px\" \/><\/a> <a href=\"http:\/\/osnovnaskolakrk.hr\/vrh\/wp-content\/uploads\/knji2_ris1.jpg\"><img loading=\"lazy\" class=\"alignnone size-medium wp-image-443\" src=\"http:\/\/osnovnaskolakrk.hr\/vrh\/wp-content\/uploads\/knji2_ris1-183x300.jpg\" alt=\"knji2_ris\" width=\"183\" height=\"300\" srcset=\"http:\/\/osnovnaskolakrk.hr\/vrh\/wp-content\/uploads\/knji2_ris1-183x300.jpg 183w, http:\/\/osnovnaskolakrk.hr\/vrh\/wp-content\/uploads\/knji2_ris1.jpg 600w\" sizes=\"(max-width: 183px) 100vw, 183px\" \/><\/a> <a href=\"http:\/\/osnovnaskolakrk.hr\/vrh\/wp-content\/uploads\/knji3_ris1.jpg\"><img loading=\"lazy\" class=\"alignnone size-medium wp-image-444\" src=\"http:\/\/osnovnaskolakrk.hr\/vrh\/wp-content\/uploads\/knji3_ris1-225x300.jpg\" alt=\"knji3_ris\" width=\"225\" height=\"300\" srcset=\"http:\/\/osnovnaskolakrk.hr\/vrh\/wp-content\/uploads\/knji3_ris1-225x300.jpg 225w, http:\/\/osnovnaskolakrk.hr\/vrh\/wp-content\/uploads\/knji3_ris1.jpg 600w\" sizes=\"(max-width: 225px) 100vw, 225px\" \/><\/a><\/p>\n","protected":false},"excerpt":{"rendered":"<p>Radno vrijeme \u0161kolske knji\u017enice PONEDJELJAK 7.30 &#8211; 13.30 \u010cETVRTAK 7.30 \u2013 10.00 knji\u017eni\u010darka: Irena \u017dgalji\u0107 Maga\u0161i\u0107<\/p>\n","protected":false},"author":1,"featured_media":0,"parent":0,"menu_order":0,"comment_status":"open","ping_status":"open","template":"","meta":[],"_links":{"self":[{"href":"http:\/\/osnovnaskolakrk.hr\/vrh\/index.php?rest_route=\/wp\/v2\/pages\/150"}],"collection":[{"href":"http:\/\/osnovnaskolakrk.hr\/vrh\/index.php?rest_route=\/wp\/v2\/pages"}],"about":[{"href":"http:\/\/osnovnaskolakrk.hr\/vrh\/index.php?rest_route=\/wp\/v2\/types\/page"}],"author":[{"embeddable":true,"href":"http:\/\/osnovnaskolakrk.hr\/vrh\/index.php?rest_route=\/wp\/v2\/users\/1"}],"replies":[{"embeddable":true,"href":"http:\/\/osnovnaskolakrk.hr\/vrh\/index.php?rest_route=%2Fwp%2Fv2%2Fcomments&post=150"}],"version-history":[{"count":10,"href":"http:\/\/osnovnaskolakrk.hr\/vrh\/index.php?rest_route=\/wp\/v2\/pages\/150\/revisions"}],"predecessor-version":[{"id":1519,"href":"http:\/\/osnovnaskolakrk.hr\/vrh\/index.php?rest_route=\/wp\/v2\/pages\/150\/revisions\/1519"}],"wp:attachment":[{"href":"http:\/\/osnovnaskolakrk.hr\/vrh\/index.php?rest_route=%2Fwp%2Fv2%2Fmedia&parent=150"}],"curies":[{"name":"wp","href":"https:\/\/api.w.org\/{rel}","templated":true}]}}

KNJIŽNICA

<p style="text-align: center;"><span style="font-size: large;"><strong>Radno vrijeme školske knjižnice</strong></span></p>
<p style="text-align: center;"><strong>PONEDJELJAK</strong></p>
<p style="text-align: center;"><strong>7.30 &#8211; 13.30</strong></p>
<p style="text-align: center;">
<p style="text-align: center;"><strong>ČETVRTAK</strong></p>
<p style="text-align: center;"><strong>7.30 – 10.00</strong></p>
<p style="text-align: center;"><strong>knjižničarka:</strong> Irena Žgaljić Magašić <a href="http://osnovnaskolakrk.hr/vrh/wp-content/uploads/knji4_ris.jpg"><img loading="lazy" class="alignnone size-medium wp-image-436" src="http://osnovnaskolakrk.hr/vrh/wp-content/uploads/knji4_ris-300x225.jpg" alt="knji4_ris" width="300" height="225" srcset="http://osnovnaskolakrk.hr/vrh/wp-content/uploads/knji4_ris-300x225.jpg 300w, http://osnovnaskolakrk.hr/vrh/wp-content/uploads/knji4_ris.jpg 800w" sizes="(max-width: 300px) 100vw, 300px" /></a> <a href="http://osnovnaskolakrk.hr/vrh/wp-content/uploads/knji1_ris1.jpg"><img loading="lazy" class="alignnone size-medium wp-image-442" src="http://osnovnaskolakrk.hr/vrh/wp-content/uploads/knji1_ris1-300x225.jpg" alt="knji1_ris" width="300" height="225" srcset="http://osnovnaskolakrk.hr/vrh/wp-content/uploads/knji1_ris1-300x225.jpg 300w, http://osnovnaskolakrk.hr/vrh/wp-content/uploads/knji1_ris1.jpg 800w" sizes="(max-width: 300px) 100vw, 300px" /></a> <a href="http://osnovnaskolakrk.hr/vrh/wp-content/uploads/knji2_ris1.jpg"><img loading="lazy" class="alignnone size-medium wp-image-443" src="http://osnovnaskolakrk.hr/vrh/wp-content/uploads/knji2_ris1-183x300.jpg" alt="knji2_ris" width="183" height="300" srcset="http://osnovnaskolakrk.hr/vrh/wp-content/uploads/knji2_ris1-183x300.jpg 183w, http://osnovnaskolakrk.hr/vrh/wp-content/uploads/knji2_ris1.jpg 600w" sizes="(max-width: 183px) 100vw, 183px" /></a> <a href="http://osnovnaskolakrk.hr/vrh/wp-content/uploads/knji3_ris1.jpg"><img loading="lazy" class="alignnone size-medium wp-image-444" src="http://osnovnaskolakrk.hr/vrh/wp-content/uploads/knji3_ris1-225x300.jpg" alt="knji3_ris" width="225" height="300" srcset="http://osnovnaskolakrk.hr/vrh/wp-content/uploads/knji3_ris1-225x300.jpg 225w, http://osnovnaskolakrk.hr/vrh/wp-content/uploads/knji3_ris1.jpg 600w" sizes="(max-width: 225px) 100vw, 225px" /></a></p>

<p>Radno vrijeme školske knjižnice PONEDJELJAK 7.30 &#8211; 13.30 ČETVRTAK 7.30 – 10.00 knjižničarka: Irena Žgaljić Magašić</p>
