{"id":190,"date":"2013-10-22T09:26:13","date_gmt":"2013-10-22T09:26:13","guid":{"rendered":"http:\/\/osnovnaskolakrk.hr\/vrh\/?page_id=190"},"modified":"2025-07-03T10:04:29","modified_gmt":"2025-07-03T10:04:29","slug":"popis-udzbenika","status":"publish","type":"page","link":"http:\/\/osnovnaskolakrk.hr\/vrh\/?page_id=190","title":{"rendered":"Popis ud\u017ebenika"},"content":{"rendered":"<p>Po\u0161tovani roditelji!<\/p>\n<p>Kao i do sada, svi ud\u017ebenici su besplatni za sve u\u010denike, te se nabavljaju preko<br \/>\n\u0161kole, te \u0107e ih u\u010denici dobiti na po\u010detku sljede\u0107e \u0161kolske godine od svojih<br \/>\nrazrednika.<br \/>\nNovost od ove godine je da \u0107e se preko \u0161kole (uz financiranje Grada Krka) nabaviti<br \/>\nostali potrebni nastavni materijali (radne bilje\u017enice, zbirke, likovne mape, atlasi, kutije<br \/>\nza Tehni\u010dku kulturu..).<br \/>\nVi kupujete samo bilje\u017enice za pojedine predmete, te likovni pribor (tempere, vodene<br \/>\nboje, ugljen i sl.).<br \/>\nIspite za u\u010denike razredne nastave naru\u010duje razrednik na po\u010detku \u0161kolske godine.<\/p>\n<blockquote class=\"wp-embedded-content\" data-secret=\"ih6n2kmbem\"><p><a href=\"https:\/\/osnovnaskolakrk.hr\/vrh\/?p=5521\">UD\u017dBENICI I DODATNI RADNI MATERIJALI<\/a><\/p><\/blockquote>\n<p><iframe class=\"wp-embedded-content\" sandbox=\"allow-scripts\" security=\"restricted\" style=\"position: absolute; clip: rect(1px, 1px, 1px, 1px);\" title=\"&#8220;UD\u017dBENICI I DODATNI RADNI MATERIJALI&#8221; &#8212; O\u0161 &quot;Fran Krsto Frankopan&quot; Krk, P\u0160 VRH\" src=\"https:\/\/osnovnaskolakrk.hr\/vrh\/?p=5521&#038;embed=true#?secret=OgVQg5kLU6#?secret=ih6n2kmbem\" data-secret=\"ih6n2kmbem\" width=\"600\" height=\"338\" frameborder=\"0\" marginwidth=\"0\" marginheight=\"0\" scrolling=\"no\"><\/iframe><\/p>\n","protected":false},"excerpt":{"rendered":"<p>Po\u0161tovani roditelji! Kao i do sada, svi ud\u017ebenici su besplatni za sve u\u010denike, te se nabavljaju preko \u0161kole, te \u0107e ih u\u010denici dobiti na po\u010detku sljede\u0107e \u0161kolske godine od svojih razrednika. Novost od ove godine je da \u0107e se preko \u0161kole (uz financiranje Grada Krka) nabaviti ostali potrebni nastavni materijali (radne bilje\u017enice, zbirke, likovne mape, [&hellip;]<\/p>\n","protected":false},"author":1,"featured_media":0,"parent":0,"menu_order":0,"comment_status":"open","ping_status":"open","template":"","meta":[],"_links":{"self":[{"href":"http:\/\/osnovnaskolakrk.hr\/vrh\/index.php?rest_route=\/wp\/v2\/pages\/190"}],"collection":[{"href":"http:\/\/osnovnaskolakrk.hr\/vrh\/index.php?rest_route=\/wp\/v2\/pages"}],"about":[{"href":"http:\/\/osnovnaskolakrk.hr\/vrh\/index.php?rest_route=\/wp\/v2\/types\/page"}],"author":[{"embeddable":true,"href":"http:\/\/osnovnaskolakrk.hr\/vrh\/index.php?rest_route=\/wp\/v2\/users\/1"}],"replies":[{"embeddable":true,"href":"http:\/\/osnovnaskolakrk.hr\/vrh\/index.php?rest_route=%2Fwp%2Fv2%2Fcomments&post=190"}],"version-history":[{"count":7,"href":"http:\/\/osnovnaskolakrk.hr\/vrh\/index.php?rest_route=\/wp\/v2\/pages\/190\/revisions"}],"predecessor-version":[{"id":5537,"href":"http:\/\/osnovnaskolakrk.hr\/vrh\/index.php?rest_route=\/wp\/v2\/pages\/190\/revisions\/5537"}],"wp:attachment":[{"href":"http:\/\/osnovnaskolakrk.hr\/vrh\/index.php?rest_route=%2Fwp%2Fv2%2Fmedia&parent=190"}],"curies":[{"name":"wp","href":"https:\/\/api.w.org\/{rel}","templated":true}]}}