{"id":192,"date":"2013-10-22T09:27:14","date_gmt":"2013-10-22T09:27:14","guid":{"rendered":"http:\/\/osnovnaskolakrk.hr\/vrh\/?page_id=192"},"modified":"2024-09-23T06:04:12","modified_gmt":"2024-09-23T06:04:12","slug":"kalendar-rada","status":"publish","type":"page","link":"http:\/\/osnovnaskolakrk.hr\/vrh\/?page_id=192","title":{"rendered":"Kalendar rada 2024.\/2025."},"content":{"rendered":"\n<p>Nastava u \u0161kolskoj godini 2024.\/2025. zapo\u010dinje&nbsp;<strong>9. rujna 2024.<\/strong>, a zavr\u0161ava&nbsp;<strong>13. lipnja 2025. godine<\/strong>, odnosno&nbsp;<strong>23. svibnja 2025.&nbsp;<\/strong>za maturante. Dva su polugodi\u0161ta \u2013 prvo koje \u0107e trajati od 9. rujna do 20. prosinca 2024. i drugo koje traje od 7. sije\u010dnja do 13. lipnja 2025. godine, odnosno do 23. svibnja za maturante.<\/p>\n\n\n\n<p>Praznici u 2024.\/2025. raspore\u0111eni na sljede\u0107i na\u010din:<\/p>\n\n\n\n<ul><li><strong>prvi dio zimskih praznika<\/strong>&nbsp;po\u010dinje 23. prosinca 2024. godine i traje do 6. sije\u010dnja 2025. godine, s tim da nastava po\u010dinje 7. sije\u010dnja 2025. godine<\/li><li><strong>drugi dio zimskih praznika<\/strong>&nbsp;po\u010dinje 24. velja\u010de 2025. godine i zavr\u0161ava 28. velja\u010de 2025. godine, s tim da nastava po\u010dinje 3. o\u017eujka 2025. godine<\/li><li><strong>proljetni praznici<\/strong>&nbsp;po\u010dinju 17. travnja 2025. godine i zavr\u0161avaju 21. travnja 2025. godine, s tim da nastava po\u010dinje 22. travnja 2025. godine<\/li><li><strong>ljetni praznici<\/strong>&nbsp;po\u010dinju 16. lipnja<\/li><\/ul>\n","protected":false},"excerpt":{"rendered":"<p>Nastava u \u0161kolskoj godini 2024.\/2025. zapo\u010dinje&nbsp;9. rujna 2024., a zavr\u0161ava&nbsp;13. lipnja 2025. godine, odnosno&nbsp;23. svibnja 2025.&nbsp;za maturante. Dva su polugodi\u0161ta \u2013 prvo koje \u0107e trajati od 9. rujna do 20. prosinca 2024. i drugo koje traje od 7. sije\u010dnja do 13. lipnja 2025. godine, odnosno do 23. svibnja za maturante. Praznici u 2024.\/2025. raspore\u0111eni na [&hellip;]<\/p>\n","protected":false},"author":1,"featured_media":0,"parent":0,"menu_order":0,"comment_status":"open","ping_status":"open","template":"","meta":[],"_links":{"self":[{"href":"http:\/\/osnovnaskolakrk.hr\/vrh\/index.php?rest_route=\/wp\/v2\/pages\/192"}],"collection":[{"href":"http:\/\/osnovnaskolakrk.hr\/vrh\/index.php?rest_route=\/wp\/v2\/pages"}],"about":[{"href":"http:\/\/osnovnaskolakrk.hr\/vrh\/index.php?rest_route=\/wp\/v2\/types\/page"}],"author":[{"embeddable":true,"href":"http:\/\/osnovnaskolakrk.hr\/vrh\/index.php?rest_route=\/wp\/v2\/users\/1"}],"replies":[{"embeddable":true,"href":"http:\/\/osnovnaskolakrk.hr\/vrh\/index.php?rest_route=%2Fwp%2Fv2%2Fcomments&post=192"}],"version-history":[{"count":19,"href":"http:\/\/osnovnaskolakrk.hr\/vrh\/index.php?rest_route=\/wp\/v2\/pages\/192\/revisions"}],"predecessor-version":[{"id":5190,"href":"http:\/\/osnovnaskolakrk.hr\/vrh\/index.php?rest_route=\/wp\/v2\/pages\/192\/revisions\/5190"}],"wp:attachment":[{"href":"http:\/\/osnovnaskolakrk.hr\/vrh\/index.php?rest_route=%2Fwp%2Fv2%2Fmedia&parent=192"}],"curies":[{"name":"wp","href":"https:\/\/api.w.org\/{rel}","templated":true}]}}