{"id":2699,"date":"2017-11-13T11:06:50","date_gmt":"2017-11-13T11:06:50","guid":{"rendered":"http:\/\/osnovnaskolakrk.hr\/vrh\/?page_id=2699"},"modified":"2025-09-29T08:32:41","modified_gmt":"2025-09-29T08:32:41","slug":"dezurstva-ucitelja","status":"publish","type":"page","link":"http:\/\/osnovnaskolakrk.hr\/vrh\/?page_id=2699","title":{"rendered":"Vremenik informacija"},"content":{"rendered":"\n<p>Po\u0161tovani roditelji, individualne informacije organizirati \u0107e se prema rasporedu, uz prethodnu najavu razredniku telefonskim putem.<\/p>\n\n\n\n<figure class=\"wp-block-table\"><table><tbody><tr><td><strong>U\u010cITELJI<\/strong><\/td><td><strong>RAZRED\/<\/strong> <strong>PREDMET<\/strong><\/td><td><strong>DAN U TJEDNU<\/strong><\/td><td><strong>\u0160KOLSKI<\/strong> <strong>SAT<\/strong><\/td><\/tr><tr><td>Lucija Franoli\u0107&nbsp;<\/td><td>1.r.<\/td><td>UTO<\/td><td>2.sat<\/td><\/tr><tr><td>Danijela \u017du\u017ei\u0107 Kosi\u0107<\/td><td>2.a<\/td><td>PON<\/td><td>3.sat<\/td><\/tr><tr><td>Irena Toma\u017ein<\/td><td>2.b<\/td><td>UTO<\/td><td>3.sat<\/td><\/tr><tr><td>Jeny Berkovi\u0107<\/td><td>3.r.<\/td><td>SRI<\/td><td>4.sat<\/td><\/tr><tr><td>Nina Klobu\u010dar<\/td><td>4.r.<\/td><td>SRI<\/td><td>2.sat<\/td><\/tr><tr><td>Maja Pintar<\/td><td>5.r.\/ Engleski j.<\/td><td>SRI<\/td><td>3.sat<\/td><\/tr><tr><td>Antonia Martin\u010di\u0107 Hr\u017ei\u0107<\/td><td>6.r.\/ Hrvatski j.<\/td><td>SRI<\/td><td>3.sat<\/td><\/tr><tr><td>Tvrtko Bo\u017ei\u0107<\/td><td>7.r.\/ Povijest\/Geografija<\/td><td>PET<\/td><td>4.sat<\/td><\/tr><tr><td>Marija \u017du\u017ei\u0107<\/td><td>8.r.\/Matematika<\/td><td>SRI<\/td><td>3.sat<\/td><\/tr><tr><td>Klaudija Topi\u0107 Matkovi\u0107<\/td><td>Informatika<\/td><td>\u010cET<\/td><td>7.sat<\/td><\/tr><tr><td>Ivana Mar\u0161i\u0107<\/td><td>Geografija<\/td><td>PET<\/td><td>1.sat<\/td><\/tr><tr><td>Ibojka Mu\u017edeka Mesaro\u0161<\/td><td>Tehni\u010dka k.<\/td><td>SRI<\/td><td>1.sat<\/td><\/tr><tr><td>Melita Scutari \u0160oi\u0107<\/td><td>Priroda\/Biologija<\/td><td>\u010cET<\/td><td>4.sat<\/td><\/tr><tr><td>Mateo Mavrinac<\/td><td>Tjelesna i zdr. k.<\/td><td>UTO<\/td><td>9,35-9.50<\/td><\/tr><tr><td>Martina Milevoj<\/td><td>Priroda\/Kemija<\/td><td>SRI<\/td><td>7.sat<\/td><\/tr><tr><td>Adrian \u0160karica<\/td><td>Fizika<\/td><td>\u010cET<\/td><td>3. sat<\/td><\/tr><tr><td>Sanja Rukavina<\/td><td>Informatika<\/td><td>PON<\/td><td>7.sat<\/td><\/tr><tr><td>Lucija Bonifa\u010di\u0107<\/td><td>Talijanski j.<\/td><td>PET<\/td><td>2.sat<\/td><\/tr><tr><td>Ivona Mr\u0161i\u0107<\/td><td>Vjeronauk<\/td><td>PET<\/td><td>1.sat<\/td><\/tr><tr><td>Marija Loots&nbsp;<\/td><td>Vjeronauk<\/td><td>PET<\/td><td>2.sat<\/td><\/tr><tr><td>\u017deljka Komlenac<\/td><td>Glazbena k.<\/td><td>UTO<\/td><td>3.sat<\/td><\/tr><tr><td>Leda Tomi\u0107<\/td><td>Likovna k.<\/td><td>PON<\/td><td>7.sat<\/td><\/tr><\/tbody><\/table><\/figure>\n\n\n\n<p><\/p>\n","protected":false},"excerpt":{"rendered":"<p>Po\u0161tovani roditelji, individualne informacije organizirati \u0107e se prema rasporedu, uz prethodnu najavu razredniku telefonskim putem. U\u010cITELJI RAZRED\/ PREDMET DAN U TJEDNU \u0160KOLSKI SAT Lucija Franoli\u0107&nbsp; 1.r. UTO 2.sat Danijela \u017du\u017ei\u0107 Kosi\u0107 2.a PON 3.sat Irena Toma\u017ein 2.b UTO 3.sat Jeny Berkovi\u0107 3.r. SRI 4.sat Nina Klobu\u010dar 4.r. SRI 2.sat Maja Pintar 5.r.\/ Engleski j. SRI [&hellip;]<\/p>\n","protected":false},"author":1,"featured_media":0,"parent":0,"menu_order":0,"comment_status":"closed","ping_status":"closed","template":"","meta":[],"_links":{"self":[{"href":"http:\/\/osnovnaskolakrk.hr\/vrh\/index.php?rest_route=\/wp\/v2\/pages\/2699"}],"collection":[{"href":"http:\/\/osnovnaskolakrk.hr\/vrh\/index.php?rest_route=\/wp\/v2\/pages"}],"about":[{"href":"http:\/\/osnovnaskolakrk.hr\/vrh\/index.php?rest_route=\/wp\/v2\/types\/page"}],"author":[{"embeddable":true,"href":"http:\/\/osnovnaskolakrk.hr\/vrh\/index.php?rest_route=\/wp\/v2\/users\/1"}],"replies":[{"embeddable":true,"href":"http:\/\/osnovnaskolakrk.hr\/vrh\/index.php?rest_route=%2Fwp%2Fv2%2Fcomments&post=2699"}],"version-history":[{"count":11,"href":"http:\/\/osnovnaskolakrk.hr\/vrh\/index.php?rest_route=\/wp\/v2\/pages\/2699\/revisions"}],"predecessor-version":[{"id":5550,"href":"http:\/\/osnovnaskolakrk.hr\/vrh\/index.php?rest_route=\/wp\/v2\/pages\/2699\/revisions\/5550"}],"wp:attachment":[{"href":"http:\/\/osnovnaskolakrk.hr\/vrh\/index.php?rest_route=%2Fwp%2Fv2%2Fmedia&parent=2699"}],"curies":[{"name":"wp","href":"https:\/\/api.w.org\/{rel}","templated":true}]}}