{"id":4946,"date":"2024-02-19T07:39:57","date_gmt":"2024-02-19T07:39:57","guid":{"rendered":"https:\/\/osnovnaskolakrk.hr\/vrh\/?page_id=4946"},"modified":"2024-02-19T07:42:38","modified_gmt":"2024-02-19T07:42:38","slug":"upisi-2024-2025","status":"publish","type":"page","link":"http:\/\/osnovnaskolakrk.hr\/vrh\/?page_id=4946","title":{"rendered":"UPISI 2024.\/2025."},"content":{"rendered":"<div class=\"wp-block-image\">\n<figure class=\"alignleft size-full is-resized\"><img loading=\"lazy\" src=\"https:\/\/osnovnaskolakrk.hr\/vrh\/wp-content\/uploads\/upis-u-1.r.jpg\" alt=\"\" class=\"wp-image-4944\" width=\"288\" height=\"288\" srcset=\"http:\/\/osnovnaskolakrk.hr\/vrh\/wp-content\/uploads\/upis-u-1.r.jpg 1024w, http:\/\/osnovnaskolakrk.hr\/vrh\/wp-content\/uploads\/upis-u-1.r-150x150.jpg 150w, http:\/\/osnovnaskolakrk.hr\/vrh\/wp-content\/uploads\/upis-u-1.r-768x768.jpg 768w, http:\/\/osnovnaskolakrk.hr\/vrh\/wp-content\/uploads\/upis-u-1.r-624x624.jpg 624w\" sizes=\"(max-width: 288px) 100vw, 288px\" \/><\/figure><\/div>\n\n\n<p>22. velja\u010de 2024. godine u Nacionalnom informacijskom sustavu za upise u osnovne \u0161kole otvaraju se prijave za redovan upis u 1. razred osnovne \u0161kole.<\/p>\n\n\n\n<p>Roditelji \u0107e preko poveznice<\/p>\n\n\n\n<p><a href=\"https:\/\/osnovne.e-upisi.hr\/\">https:\/\/osnovne.e-upisi.hr\/<\/a><\/p>\n\n\n\n<p>mo\u0107i podnijeti prijavu za upis svoga djeteta u 1. razred osnovne \u0161kole, sve do 31. o\u017eujka 2024. godine.<\/p>\n\n\n\n<p>U prvi razred osnovne \u0161kole upisuju se djeca koja do 1. travnja teku\u0107e godine imaju navr\u0161enih \u0161est godina. U \u0161kolsku godinu 2024.\/2025. upisuju se djeca ro\u0111ena od <strong>1. travnja 2017. do 31. o\u017eujka 2018. godine.<\/strong><\/p>\n\n\n\n<p>U sustavu \u0107e roditeljima biti vidljivi op\u0107i podaci o djetetu te \u0161kola na \u010dijoj se listi \u0161kolskih obveznika dijete nalazi prema mjestu prebivali\u0161ta, odnosno boravi\u0161ta. Odmah po podno\u0161enju prijave roditelji \u0107e mo\u0107i odabrati mogu\u0107nosti koje im se nude u dodijeljenoj \u0161koli npr. izborne predmete, produ\u017eeni boravak i sl.<\/p>\n\n\n\n<p>S obzirom da se u sustav za elektroni\u010dke upise u osnovne \u0161kole ulazi preko portala e-Gra\u0111ani, roditelji koji nemaju vjerodajnice za ulazak u portal obvezni su se javiti u \u0161kolu kojoj pripadaju prema upisnom podru\u010dju. Prijave za podru\u010dne \u0161kole \u0107e biti omogu\u0107ene osobnom dolaskom roditelja u \u0161kolu do 31. o\u017eujka 2024. godine prema dogovoru. Mole se roditelji da se obrate za termin na e-mail adresu <a href=\"mailto:upisi-1.razred@osnovnaskolakrk.hr\">upisi-1.razred@osnovnaskolakrk.hr<\/a>&nbsp; te \u0107e im se povratno javiti termin za prijavu.<\/p>\n\n\n\n<p><strong>*Podru\u010dna \u0161kola Vrh<\/strong> (Vrh, Salati\u0107i, Kosi\u0107i, Skrp\u010di\u0107i, Pinezi\u0107i, Baj\u010di\u0107i, Brusi\u0107i, Linardi\u0107i, \u017dgalji\u0107i, Milohni\u0107i, Brzac, Poljica, Nenadi\u0107i): po dogovoru<\/p>\n\n\n\n<p>Dogovor o terminu prijema za prijavu preko e-mail adrese: <a href=\"mailto:upisi-1.razred@osnovnaskolakrk.hr\">upisi-1.razred@osnovnaskolakrk.hr<\/a><\/p>\n\n\n\n<p>Roditelj sa sobom mora donijeti:<\/p>\n\n\n\n<p>&#8211; OIB \u0161kolskog obveznika,<\/p>\n\n\n\n<p>&#8211; OIB-e oba roditelja\/skrbnika.<\/p>\n\n\n\n<p>U slu\u010daju kada za drugog roditelja\/skrbnika nije dostupan OIB potrebno je donijeti dokumentaciju kojom se potvr\u0111uje da je u srodstvu\/skrbni\u0161tvu s djetetom za koje predaje zahtjev za upis (prila\u017ee se u aplikaciju za upise u 1. razred osnovne \u0161kole).<\/p>\n","protected":false},"excerpt":{"rendered":"<p>22. velja\u010de 2024. godine u Nacionalnom informacijskom sustavu za upise u osnovne \u0161kole otvaraju se prijave za redovan upis u 1. razred osnovne \u0161kole. Roditelji \u0107e preko poveznice https:\/\/osnovne.e-upisi.hr\/ mo\u0107i podnijeti prijavu za upis svoga djeteta u 1. razred osnovne \u0161kole, sve do 31. o\u017eujka 2024. godine. U prvi razred osnovne \u0161kole upisuju se djeca [&hellip;]<\/p>\n","protected":false},"author":1,"featured_media":0,"parent":0,"menu_order":0,"comment_status":"closed","ping_status":"closed","template":"","meta":[],"_links":{"self":[{"href":"http:\/\/osnovnaskolakrk.hr\/vrh\/index.php?rest_route=\/wp\/v2\/pages\/4946"}],"collection":[{"href":"http:\/\/osnovnaskolakrk.hr\/vrh\/index.php?rest_route=\/wp\/v2\/pages"}],"about":[{"href":"http:\/\/osnovnaskolakrk.hr\/vrh\/index.php?rest_route=\/wp\/v2\/types\/page"}],"author":[{"embeddable":true,"href":"http:\/\/osnovnaskolakrk.hr\/vrh\/index.php?rest_route=\/wp\/v2\/users\/1"}],"replies":[{"embeddable":true,"href":"http:\/\/osnovnaskolakrk.hr\/vrh\/index.php?rest_route=%2Fwp%2Fv2%2Fcomments&post=4946"}],"version-history":[{"count":2,"href":"http:\/\/osnovnaskolakrk.hr\/vrh\/index.php?rest_route=\/wp\/v2\/pages\/4946\/revisions"}],"predecessor-version":[{"id":4949,"href":"http:\/\/osnovnaskolakrk.hr\/vrh\/index.php?rest_route=\/wp\/v2\/pages\/4946\/revisions\/4949"}],"wp:attachment":[{"href":"http:\/\/osnovnaskolakrk.hr\/vrh\/index.php?rest_route=%2Fwp%2Fv2%2Fmedia&parent=4946"}],"curies":[{"name":"wp","href":"https:\/\/api.w.org\/{rel}","templated":true}]}}