{"id":732,"date":"2015-02-24T17:04:41","date_gmt":"2015-02-24T17:04:41","guid":{"rendered":"http:\/\/osnovnaskolakrk.hr\/vrh\/?page_id=732"},"modified":"2022-07-24T10:19:08","modified_gmt":"2022-07-24T10:19:08","slug":"javni-pozivi_izleti-i-eksurzije","status":"publish","type":"page","link":"http:\/\/osnovnaskolakrk.hr\/vrh\/?page_id=732","title":{"rendered":"Javni pozivi_Izleti i eksurzije"},"content":{"rendered":"\n<div class=\"wp-container-3 wp-block-group\"><div class=\"wp-block-group__inner-container\">\n<h6>Sukladno <a href=\"http:\/\/www.azoo.hr\/images\/razno\/Pravilnik_o_izvodenju_izleta_ekskurzija.pdf\" target=\"_blank\" rel=\"noopener noreferrer\">Pravilniku o izvo\u0111enju izleta, ekskurzija i drugih odgojno-obrazovnih aktivnosti izvan \u0161kole<\/a>, na na\u0161im web stranicama objavljujemo&nbsp; pozive za organizaciju izvanu\u010dioni\u010dkih nastava planiranih \u0161kolskim kurikulumom.<\/h6>\n\n\n\n<p><em>Ponuditelji su obvezni dostaviti ponude do roka nazna\u010denog u obrascu, u zatvorenoj omotnici s naznakom \u201cJavni poziv \u2013 ne otvaraj\u201d i brojem ponude. Rezultati odabira ponude biti \u0107e objavljeni na mre\u017enim stranicama \u0160kole.<\/em><\/p>\n\n\n\n<h1><strong><span style=\"color: #ff0000;\">AKTIVNI POZIVI:&nbsp;<\/span><\/strong><\/h1>\n\n\n\n<p><a href=\"http:\/\/osnovnaskolakrk.hr\/vrh\/wp-content\/uploads\/Javni-poziv-za-%C5%A1kolsku-ekskurziju.pdf\">Javni poziv za \u0161kolsku ekskurziju<\/a><\/p>\n\n\n\n<p><a href=\"http:\/\/osnovnaskolakrk.hr\/vrh\/wp-content\/uploads\/Obrazac-poziva-za-organizaciju-vi%C5%A1ednevne-izvanu%C4%8Dioni%C4%8Dne-nastave.pdf\">Obrazac poziva za organizaciju vi\u0161ednevne izvanu\u010dioni\u010dne nastave<\/a><\/p>\n\n\n\n<p> <a href=\"http:\/\/osnovnaskolakrk.hr\/vrh\/wp-content\/uploads\/Obavijest-uz-Javni-poziv-za-organizaciju-vi\u0161ednevne-izvanu\u010dioni\u010dke-nastave.pdf\">Obavijest uz Javni poziv za organizaciju vi\u0161ednevne izvanu\u010dioni\u010dke nastave<\/a><\/p>\n\n\n\n<p><a href=\"http:\/\/osnovnaskolakrk.hr\/vrh\/wp-content\/uploads\/Zapisnik-sa-sastanka-Povjerenstva-13.-7.-2022.-g..pdf\">Zapisnik sa sastanka Povjerenstva (13. 7. 2022. g.) <\/a><\/p>\n\n\n\n<p><a href=\"http:\/\/osnovnaskolakrk.hr\/vrh\/wp-content\/uploads\/Zapisnik-s-roditeljskog-sastanka-22.-7.-2022.-g..pdf\"> Zapisnik s roditeljskog sastanka (22. 7. 2022. g.) <\/a><\/p>\n\n\n\n<p><\/p>\n\n\n\n<div class=\"wp-container-1 wp-block-group\"><div class=\"wp-block-group__inner-container\"><\/div><\/div>\n\n\n\n<div class=\"wp-container-2 wp-block-group\"><div class=\"wp-block-group__inner-container\">\n<h2><span style=\"color: #ff0000;\">ZAVR\u0160ENI POZIVI<\/span><\/h2>\n<\/div><\/div>\n\n\n\n<h2>VI\u0160EDNEVNA IZVANU\u010cIONI\u010cKA NASTAVA ( \u0160KOLSKA EKSKURZIJA) &#8211; P\u0160 Punat-P\u0160 Vrbnik-P\u0160 Vrh, u Splitsko-dalmatinsku \u017eupaniju, dana 17.-20. svibnja 2022.\/ili 24.-27. svibnja 2022.<\/h2>\n\n\n\n<h3><a href=\"http:\/\/osnovnaskolakrk.hr\/vrh\/wp-content\/uploads\/Javni-poziv-za-ekskurziju-P\u0160-Vrh-Osmi-razred.docx\"><span style=\"color: #ff0000;\">Javni poziv:&nbsp;<\/span><\/a><\/h3>\n\n\n\n<h3><a href=\"http:\/\/osnovnaskolakrk.hr\/vrh\/wp-content\/uploads\/Obrazac-za-ekskurziju-P\u0160-Punat-P\u0160-Vrbnik-P\u0160-Vrh.doc\"><strong><span style=\"color: #ff0000;\">Obrazac:&nbsp;<\/span><\/strong><\/a><\/h3>\n\n\n\n<h3><a href=\"http:\/\/osnovnaskolakrk.hr\/vrh\/wp-content\/uploads\/Zapisnik-Utvr\u0111ivanje-pravovaljanosti-ponuda.docx\"><span style=\"color: #ff0000;\"><strong>Zapisnik o utvr\u0111ivanju pravovaljanosti ponuda<\/strong><\/span><\/a><\/h3>\n\n\n\n<h3>Javni poziv za organizaciju vi\u0161ednevne \u0161kolske ekskurzije &#8211; Zagreb, Hrvatsko zagorje, Svibanj 2022.<\/h3>\n\n\n\n<p><a href=\"http:\/\/osnovnaskolakrk.hr\/vrh\/wp-content\/uploads\/Javni-poziv-P\u0160-Vrh-4.r1.docx\"><span style=\"color: #ff0000;\"><strong>Javni poziv:&nbsp;<\/strong><\/span><\/a><\/p>\n\n\n\n<p><a href=\"http:\/\/osnovnaskolakrk.hr\/vrh\/wp-content\/uploads\/Obrazac-za-izlete-P\u0160-Vrh-Nina-ekskurzija.doc\"><span style=\"color: #ff0000;\"><strong>Obrazac:&nbsp;<\/strong><\/span><\/a><\/p>\n\n\n\n<p><strong><span style=\"color: #ff0000;\"><a style=\"color: #ff0000;\" href=\"http:\/\/osnovnaskolakrk.hr\/vrh\/wp-content\/uploads\/odluka-o-odabiru-ponuditelja-4.-razred-2022.docx\">Odluka:&nbsp;<\/a><\/span><\/strong><\/p>\n\n\n\n<p>Arhiva 2019.<\/p>\n\n\n\n<p><span style=\"margin: 0px; color: black; font-family: 'Verdana',sans-serif; font-size: 12pt;\">Javni poziv za organizaciju vi\u0161ednevne \u0161kolske <\/span><span style=\"margin: 0px; color: black; line-height: 115%; font-family: 'Verdana',sans-serif; font-size: 12pt;\">ekskurzije (16. travanj 2019. godina) &#8211; <span style=\"margin: 0px; line-height: 115%; font-family: 'Calibri',sans-serif; font-size: 11pt;\"><span style=\"color: #000000;\">04-2019<\/span><\/span><\/span><\/p>\n\n\n\n<p><a href=\"http:\/\/osnovnaskolakrk.hr\/vrh\/wp-content\/uploads\/Javni-poziv-1-Zg.docx\">Javni-poziv (1) Zg<\/a><\/p>\n\n\n\n<p><a href=\"http:\/\/osnovnaskolakrk.hr\/vrh\/wp-content\/uploads\/Obrazac-javni-poziv-Zg.docx\">Obrazac-javni-poziv Zg<\/a><\/p>\n\n\n\n<p><a href=\"http:\/\/osnovnaskolakrk.hr\/vrh\/wp-content\/uploads\/Odluka-o-odabiru-ponuditelja-4.-razred.docx\">Odluka o odabiru ponuditelja &#8211; 4. razred<\/a><\/p>\n\n\n\n<p>30. sije\u010danj 2019. broj poziva:&nbsp;<strong>03-2019<\/strong><\/p>\n\n\n\n<p><a href=\"http:\/\/osnovnaskolakrk.hr\/vrh\/wp-content\/uploads\/Javni-poziv-2.doc\">Javni-poziv<\/a><\/p>\n\n\n\n<p><a href=\"http:\/\/osnovnaskolakrk.hr\/vrh\/wp-content\/uploads\/Javni-poziv-obrazac-1.docx\">Javni-poziv-obrazac<\/a><\/p>\n\n\n\n<p>ODLUKA:&nbsp;<a href=\"http:\/\/osnovnaskolakrk.hr\/vrh\/wp-content\/uploads\/odluka-8.razred.docx\">odluka 8.razred<\/a><\/p>\n\n\n\n<p>Sije\u010danj 2019: 01\/19<\/p>\n\n\n\n<p><a href=\"http:\/\/osnovnaskolakrk.hr\/vrh\/wp-content\/uploads\/Javni-poziv-Obrazac.docx\" target=\"_blank\" rel=\"noopener noreferrer\">Javni poziv- Obrazac<\/a><\/p>\n\n\n\n<p><a href=\"http:\/\/osnovnaskolakrk.hr\/vrh\/wp-content\/uploads\/Javni-poziv-1.doc\" target=\"_blank\" rel=\"noopener noreferrer\">Javni poziv<\/a><\/p>\n\n\n\n<p><a href=\"http:\/\/osnovnaskolakrk.hr\/vrh\/wp-content\/uploads\/Zapisnik-Utvr\u0111ivanje-pravovaljanosti-ponuda-4.-2.-2019.-g..pdf\">Zapisnik- Utvr\u0111ivanje pravovaljanosti ponuda (4. 2. 2019. g.)<\/a><\/p>\n\n\n\n<p><a href=\"http:\/\/osnovnaskolakrk.hr\/vrh\/wp-content\/uploads\/Odluka-o-odabiru-ponuditelja-Zapisnik-12.-2.-2019.-g..docx\">Odluka o odabiru ponuditelja- Zapisnik (12. 2. 2019. g.)<\/a><\/p>\n<\/div><\/div>\n","protected":false},"excerpt":{"rendered":"<p>Sukladno Pravilniku o izvo\u0111enju izleta, ekskurzija i drugih odgojno-obrazovnih aktivnosti izvan \u0161kole, na na\u0161im web stranicama objavljujemo&nbsp; pozive za organizaciju izvanu\u010dioni\u010dkih nastava planiranih \u0161kolskim kurikulumom. Ponuditelji su obvezni dostaviti ponude do roka nazna\u010denog u obrascu, u zatvorenoj omotnici s naznakom \u201cJavni poziv \u2013 ne otvaraj\u201d i brojem ponude. Rezultati odabira ponude biti \u0107e objavljeni na [&hellip;]<\/p>\n","protected":false},"author":1,"featured_media":0,"parent":0,"menu_order":0,"comment_status":"open","ping_status":"open","template":"","meta":[],"_links":{"self":[{"href":"http:\/\/osnovnaskolakrk.hr\/vrh\/index.php?rest_route=\/wp\/v2\/pages\/732"}],"collection":[{"href":"http:\/\/osnovnaskolakrk.hr\/vrh\/index.php?rest_route=\/wp\/v2\/pages"}],"about":[{"href":"http:\/\/osnovnaskolakrk.hr\/vrh\/index.php?rest_route=\/wp\/v2\/types\/page"}],"author":[{"embeddable":true,"href":"http:\/\/osnovnaskolakrk.hr\/vrh\/index.php?rest_route=\/wp\/v2\/users\/1"}],"replies":[{"embeddable":true,"href":"http:\/\/osnovnaskolakrk.hr\/vrh\/index.php?rest_route=%2Fwp%2Fv2%2Fcomments&post=732"}],"version-history":[{"count":56,"href":"http:\/\/osnovnaskolakrk.hr\/vrh\/index.php?rest_route=\/wp\/v2\/pages\/732\/revisions"}],"predecessor-version":[{"id":4423,"href":"http:\/\/osnovnaskolakrk.hr\/vrh\/index.php?rest_route=\/wp\/v2\/pages\/732\/revisions\/4423"}],"wp:attachment":[{"href":"http:\/\/osnovnaskolakrk.hr\/vrh\/index.php?rest_route=%2Fwp%2Fv2%2Fmedia&parent=732"}],"curies":[{"name":"wp","href":"https:\/\/api.w.org\/{rel}","templated":true}]}}