{"id":731,"date":"2015-02-24T07:32:31","date_gmt":"2015-02-24T07:32:31","guid":{"rendered":"http:\/\/osnovnaskolakrk.hr\/punat\/?page_id=731"},"modified":"2022-07-23T11:10:06","modified_gmt":"2022-07-23T11:10:06","slug":"javni-poziv","status":"publish","type":"page","link":"https:\/\/osnovnaskolakrk.hr\/punat\/javni-poziv\/","title":{"rendered":"Javni poziv"},"content":{"rendered":"<p>&nbsp;<\/p>\n<p style=\"text-align: justify;\">Sukladno <a href=\"https:\/\/narodne-novine.nn.hr\/clanci\/sluzbeni\/2014_06_67_1280.html\">Pravilniku o izvo\u0111enju izleta, ekskurzija i drugih odgojno-obrazovnih aktivnosti izvan \u0161kole<\/a>, na na\u0161im web stranicama objavljujemo\u00a0 pozive za organizaciju izvanu\u010dioni\u010dkih nastava planiranih \u0161kolskim kurikulumom.<\/p>\n<p style=\"text-align: justify;\"><em>Ponuditelji su obvezni dostaviti ponude do roka nazna\u010denog u obrascu, u zatvorenoj omotnici s naznakom \u201cJavni poziv \u2013 ne otvaraj\u201d i brojem ponude. Rezultati odabira ponude biti \u0107e objavljeni na mre\u017enim stranicama \u0160kole.<\/em><\/p>\n<h3><strong>AKTIVNI POZIVI &#8211; nema<\/strong><\/h3>\n<p><strong>ARHIVA:<\/strong><\/p>\n<h4 style=\"line-height: 1.84615; margin-top: 1.71429rem; margin-bottom: 1.71429rem; font-size: 14px;\">JAVNI POZIV ZA ORGANIZACIJU \u0160KOLSKE EKSKURZIJE U DALMACIJU jesen 2022.<\/h4>\n<ul>\n<li><a href=\"https:\/\/osnovnaskolakrk.hr\/punat\/javni-poziv\/javni-poziv-za-organizaciju-visednevne-izvanucionicke-nastave\/\" rel=\"attachment wp-att-7433\">Javni poziv za organizaciju vi\u0161ednevne izvanu\u010dioni\u010dke nastave<\/a><\/li>\n<li><a href=\"https:\/\/osnovnaskolakrk.hr\/punat\/javni-poziv\/obavijest-uz-javni-poziv-za-organizaciju-visednevne-izvanucionicke-nastave\/\" rel=\"attachment wp-att-7434\">Obavijest uz Javni poziv za organizaciju vi\u0161ednevne izvanu\u010dioni\u010dke nastave<\/a><\/li>\n<li><a href=\"https:\/\/osnovnaskolakrk.hr\/punat\/javni-poziv\/obrazac-poziva-za-organizaciju-visednevne-izvanucionicne-nastave\/\" rel=\"attachment wp-att-7435\">Obrazac poziva za organizaciju vi\u0161ednevne izvanu\u010dioni\u010dne nastave<\/a><\/li>\n<li><a href=\"https:\/\/osnovnaskolakrk.hr\/punat\/javni-poziv\/zapisnik-sa-sastanka-povjerenstva-13-7-2022-g\/\" rel=\"attachment wp-att-7436\">Zapisnik sa sastanka Povjerenstva (13. 7. 2022. g.)<\/a><\/li>\n<li><a href=\"https:\/\/osnovnaskolakrk.hr\/punat\/javni-poziv\/zapisnik-s-roditeljskog-sastanka-22-7-2022-g\/\" rel=\"attachment wp-att-7437\">Zapisnik s roditeljskog sastanka (22. 7. 2022. g.)<\/a><\/li>\n<\/ul>\n<h4 style=\"line-height: 1.84615; margin-top: 1.71429rem; margin-bottom: 1.71429rem; font-size: 14px;\">JAVNI POZIV ZA ORGANIZACIJU \u0160KOLSKE EKSKURZIJE U DALMACIJU prolje\u0107e 2022.<\/h4>\n<ul style=\"margin-bottom: 1.71429rem; line-height: 1.71429;\">\n<li style=\"margin-left: 1.71429rem;\"><a href=\"http:\/\/osnovnaskolakrk.hr\/punat\/wp-content\/uploads\/2022\/03\/Javni-poziv-za-ekskurziju.pdf\">Javni poziv<\/a><\/li>\n<li style=\"margin-left: 1.71429rem;\"><a href=\"http:\/\/osnovnaskolakrk.hr\/punat\/wp-content\/uploads\/2022\/03\/Obrazac-za-ekskurziju-PS-Punat-PS-Vrbnik-PS-Vrh.pdf\">Obrazac poziva za organizaciju vi\u0161ednevne izvanu\u010dioni\u010dke nastave<\/a><\/li>\n<li style=\"margin-left: 1.71429rem;\"><a href=\"http:\/\/osnovnaskolakrk.hr\/punat\/wp-content\/uploads\/2022\/04\/Zapisnik-Utvrdivanje-pravovaljanosti-ponuda.pdf\">Odluka o odabiru najpovoljnije ponude<\/a><\/li>\n<\/ul>\n<p><strong style=\"font-size: 1rem;\">VI\u0160EDNEVNA IZVANU\u010cIONI\u010cKA NASTAVA (AUSTRIJA):<\/strong><\/p>\n<ul style=\"margin-bottom: 1.71429rem; line-height: 1.71429;\">\n<li style=\"margin-left: 1.71429rem;\"><a href=\"http:\/\/osnovnaskolakrk.hr\/baska\/wp-content\/uploads\/Javni-poziv-turisti%C4%8Dkim-agencijama.pdf\">JAVNI POZIV za organizaciju vi\u0161ednevne izvanu\u010dioni\u010dke nastave<\/a><\/li>\n<li style=\"margin-left: 1.71429rem;\"><a href=\"http:\/\/osnovnaskolakrk.hr\/baska\/wp-content\/uploads\/Obrazac-1-2020.pdf\">OBRAZAC POZIVA za organizaciju vi\u0161ednevne izvanu\u010dioni\u010dke nastave<\/a><\/li>\n<\/ul>\n<h4>JAVNI POZIV ZA ORGANIZACIJU \u0160KOLSKE EKSKURZIJE U DALMACIJU i DUBROVNIK<\/h4>\n<ul>\n<li><a href=\"http:\/\/osnovnaskolakrk.hr\/punat\/wp-content\/uploads\/javni-poziv-tekst-1.docx\">Javni poziv<\/a><\/li>\n<li><a href=\"http:\/\/osnovnaskolakrk.hr\/punat\/wp-content\/uploads\/javni-poziv-tablica.docx\">Obrazac poziva za organizaciju vi\u0161ednevne izvanu\u010dioni\u010dke nastave<\/a><\/li>\n<li><a href=\"http:\/\/osnovnaskolakrk.hr\/punat\/wp-content\/uploads\/Zapisnik-za-ekskurziju-ok.doc\">Zapisnik sa otvaranja pristiglih ponuda<\/a><\/li>\n<li><a href=\"http:\/\/osnovnaskolakrk.hr\/punat\/wp-content\/uploads\/zapisik-roditeljski-ekskurzija-Dubrovnik.doc\">Odluka o odabiru najpovoljnije ponude<\/a><\/li>\n<\/ul>\n<h4>JAVNI POZIV ZA ORGANIZACIJU VI\u0160EDNEVNE IZVANU\u010cIONI\u010cNE NASTAVE 4. R. U ZAGREB I HRV. ZAGORJE<\/h4>\n<ul>\n<li><a href=\"http:\/\/osnovnaskolakrk.hr\/punat\/javni-poziv-7\/\">Javni poziv<\/a><\/li>\n<li><a href=\"http:\/\/osnovnaskolakrk.hr\/punat\/wp-content\/uploads\/Obrazac-javni-poziv.docx\">Obrazac poziva za organizaciju vi\u0161ednevne izvanu\u010dioni\u010dke nastave<\/a><\/li>\n<li><a href=\"http:\/\/osnovnaskolakrk.hr\/punat\/odluka-4-razred\/\">Odluka o odabiru najpovoljnije ponude<\/a><\/li>\n<\/ul>\n<h4>JAVNI POZIV ZA ORGANIZACIJU \u0160KOLSKE EKSKURZIJE U\u00a0SREDI\u0160NJU DALMACIJU<\/h4>\n<ul>\n<li><a href=\"http:\/\/osnovnaskolakrk.hr\/punat\/wp-content\/uploads\/Javni-poziv-4.doc\">Javni poziv<\/a><\/li>\n<li><a href=\"http:\/\/osnovnaskolakrk.hr\/punat\/wp-content\/uploads\/Javni-poziv-obrazac-2.docx\">Obrazac poziva za organizaciju vi\u0161ednevne izvanu\u010dioni\u010dke nastave<\/a><\/li>\n<li><a href=\"http:\/\/osnovnaskolakrk.hr\/punat\/wp-content\/uploads\/odluka-o-odabiru-ponuditelja-1.docx\">Odluka o odabiru najpovoljnije ponude<\/a><\/li>\n<\/ul>\n<p><strong>JAVNI POZIV ZA ORGANIZACIJU TERENSKE NASTAVE 4. RAZREDA<\/strong><\/p>\n<ul>\n<li><a href=\"http:\/\/osnovnaskolakrk.hr\/punat\/wp-content\/uploads\/Javni-poziv-17.5..docx\">Javni poziv<\/a><\/li>\n<li><a href=\"http:\/\/osnovnaskolakrk.hr\/punat\/wp-content\/uploads\/Obrazac-javni-poziv-17.5..docx\">Obrazac poziva za organizaciju vi\u0161ednevne izvanu\u010dioni\u010dke nastave<\/a><\/li>\n<li><a href=\"http:\/\/osnovnaskolakrk.hr\/punat\/wp-content\/uploads\/7.-odluka-o-odabiru-ponuditelja-.docx\">Odluka o odabiru najpovoljnije ponude<\/a><\/li>\n<\/ul>\n<h4>JAVNI POZIV ZA ORGANIZACIJU \u0160KOLSKE EKSKURZIJE U\u00a0SREDI\u0160NJU DALMACIJU<\/h4>\n<ul>\n<li><a href=\"http:\/\/osnovnaskolakrk.hr\/punat\/wp-content\/uploads\/Javni-poziv-3.doc\">Javni poziv<\/a><\/li>\n<li><a href=\"http:\/\/osnovnaskolakrk.hr\/punat\/wp-content\/uploads\/Javni-poziv-obrazac-1.docx\">Obrazac poziva za organizaciju vi\u0161ednevne izvanu\u010dioni\u010dke nastave<\/a><\/li>\n<li><a href=\"http:\/\/osnovnaskolakrk.hr\/punat\/wp-content\/uploads\/odluka-o-odabiru-ponuditelja-8.-razred.docx\">Odluka \u00a0odabiru napovoljnije ponude<\/a><\/li>\n<\/ul>\n<p><strong>JAVNI POZIV ZA ORGANIZACIJU JEDNODNEVNE TERENSKE NASTAVE<\/strong><\/p>\n<ul>\n<li><a href=\"http:\/\/osnovnaskolakrk.hr\/punat\/wp-content\/uploads\/Javni-poziv-2.doc\">Javni poziv<\/a><\/li>\n<li><a href=\"http:\/\/osnovnaskolakrk.hr\/punat\/wp-content\/uploads\/Obrazac-JEDNODNEVNA-izvanucionicka-nastava.doc\">Obrazac poziva za organizaciu jednodnevne terenske nastave<\/a><\/li>\n<li><a href=\"http:\/\/osnovnaskolakrk.hr\/punat\/wp-content\/uploads\/Odluka-o-odabiru-ponuditelja-za-\u0161kolski-izlet.docx\">Odluka o odabiru najpovoljnije ponude<\/a><\/li>\n<\/ul>\n<h4>JAVNI POZIV ZA ORGANIZACIJU \u0160KOLSKE EKSKURZIJE 8. RAZREDA<\/h4>\n<ul>\n<li><a href=\"http:\/\/osnovnaskolakrk.hr\/punat\/wp-content\/uploads\/Javni-poziv-1.doc\">Javni poziv<\/a><\/li>\n<li><a href=\"http:\/\/osnovnaskolakrk.hr\/punat\/wp-content\/uploads\/Javni-poziv-obrazac.docx\">Obrazac poziva za organizaciju vi\u0161ednevne izvanu\u010dioni\u010dke nastave<\/a><\/li>\n<\/ul>\n<p><strong>JAVNI POZIV ZA ORGANIZACIJU TERENSKE NASTAVE 4. RAZREDA<\/strong><\/p>\n<ul>\n<li><a href=\"http:\/\/osnovnaskolakrk.hr\/punat\/wp-content\/uploads\/Javni-poziv-6.2..docx\">Javni poziv<\/a><\/li>\n<li><a href=\"http:\/\/osnovnaskolakrk.hr\/punat\/wp-content\/uploads\/Obrazac-javni-poziv-6.2..docx\">Obrazac poziva za organizaciju vi\u0161ednevne izvanu\u010dioni\u010dke nastave<\/a><\/li>\n<li><a href=\"http:\/\/osnovnaskolakrk.hr\/punat\/wp-content\/uploads\/odluka-o-odabiru-ponuditelja-moja.docx\">Odluka o odabiru najpovoljnije ponude<\/a><\/li>\n<\/ul>\n<h4>JAVNI POZIV ZA ORGANIZACIJU \u0160KOLSKE EKSKURZIJE 8. RAZREDA<\/h4>\n<ul>\n<li><a href=\"http:\/\/osnovnaskolakrk.hr\/punat\/wp-content\/uploads\/Javni-poziv.doc\" target=\"_blank\" rel=\"noopener noreferrer\">Javni poziv<\/a><\/li>\n<li><a href=\"http:\/\/osnovnaskolakrk.hr\/punat\/wp-content\/uploads\/Javni-poziv-obrazac-Dubrovnik.docx\" target=\"_blank\" rel=\"noopener noreferrer\">Obrazac poziva za organizaciju vi\u0161ednevne izvanu\u010dioni\u010dke nastave<\/a><\/li>\n<\/ul>\n<p><strong>Terenska nastava 4.razred<\/strong><\/p>\n<p><a href=\"http:\/\/osnovnaskolakrk.hr\/punat\/wp-content\/uploads\/za-web2.pdf\">Javni poziv\u00a0za organizaciju vi\u0161ednevne izvanu\u010dioni\u010dke nastave<\/a><\/p>\n<p><a href=\"http:\/\/osnovnaskolakrk.hr\/punat\/wp-content\/uploads\/Obrazac-pravi-za-vi\u0161ednevnu-IUN_Helena-2.xlsx\">Obrazac javnog poziva za organizaciju vi\u0161ednevne izvanu\u010dioni\u010dke nastave<\/a><\/p>\n<p><a href=\"http:\/\/osnovnaskolakrk.hr\/punat\/wp-content\/uploads\/odluka-o-odabiru-ponuditelja.doc\">ODLUKA O ODABIRU NAJPOVOLJNIJE PONUDE<\/a><\/p>\n<p><strong>Terenska nastava<em>\u00a0<\/em>u\u010denika 5, 6, 7, i\u00a08.razreda<\/strong><\/p>\n<p><a href=\"http:\/\/osnovnaskolakrk.hr\/punat\/wp-content\/uploads\/Javni-poziv-2-2.doc\">Javni poziv za terensku nastavu od 5,6,7 i 8.razreda<\/a><\/p>\n<p><a href=\"http:\/\/osnovnaskolakrk.hr\/punat\/wp-content\/uploads\/OBRAZAC_POZIVA_ZA_ORGANIZACIJU_VISEDNEVNE_IZVANUCIONICKE_NASTAVE-_2-2015.docx\">Obrazac<\/a><\/p>\n<p><a href=\"http:\/\/osnovnaskolakrk.hr\/punat\/wp-content\/uploads\/odluka-o-odabiru-ponuditelja.docx\">\u00a0ODLUKA o odabiru \u00a0najpovoljnije \u00a0ponude<\/a><\/p>\n<p>Why? Because your essay <a href=\"https:\/\/www.affordable-papers.net\/\">cheapest writing services<\/a> will talk more to the student than any kind of essay.<\/p>\n","protected":false},"excerpt":{"rendered":"<p>&nbsp; Sukladno Pravilniku o izvo\u0111enju izleta, ekskurzija i drugih odgojno-obrazovnih aktivnosti izvan \u0161kole, na na\u0161im web stranicama objavljujemo\u00a0 pozive za organizaciju izvanu\u010dioni\u010dkih nastava planiranih \u0161kolskim kurikulumom. Ponuditelji su obvezni dostaviti ponude do roka nazna\u010denog u obrascu, u zatvorenoj omotnici s naznakom \u201cJavni poziv \u2013 ne otvaraj\u201d i brojem ponude. Rezultati odabira ponude biti \u0107e objavljeni [&hellip;]<\/p>\n","protected":false},"author":1,"featured_media":0,"parent":0,"menu_order":0,"comment_status":"closed","ping_status":"closed","template":"","meta":{"footnotes":""},"class_list":["post-731","page","type-page","status-publish","hentry"],"yoast_head":"<!-- This site is optimized with the Yoast SEO plugin v15.9 - https:\/\/yoast.com\/wordpress\/plugins\/seo\/ -->\n<meta name=\"robots\" content=\"index, follow, max-snippet:-1, max-image-preview:large, max-video-preview:-1\" \/>\n<link rel=\"canonical\" href=\"http:\/\/osnovnaskolakrk.hr\/punat\/javni-poziv\/\" \/>\n<meta property=\"og:locale\" content=\"hr_HR\" \/>\n<meta property=\"og:type\" content=\"article\" \/>\n<meta property=\"og:title\" content=\"Javni poziv - O\u0160 &quot;Fran Krsto Frankopan&quot; Krk P\u0160 Punat\" \/>\n<meta property=\"og:description\" content=\"&nbsp; Sukladno Pravilniku o izvo\u0111enju izleta, ekskurzija i drugih odgojno-obrazovnih aktivnosti izvan \u0161kole, na na\u0161im web stranicama objavljujemo\u00a0 pozive za organizaciju izvanu\u010dioni\u010dkih nastava planiranih \u0161kolskim kurikulumom. Ponuditelji su obvezni dostaviti ponude do roka nazna\u010denog u obrascu, u zatvorenoj omotnici s naznakom \u201cJavni poziv \u2013 ne otvaraj\u201d i brojem ponude. Rezultati odabira ponude biti \u0107e objavljeni [&hellip;]\" \/>\n<meta property=\"og:url\" content=\"http:\/\/osnovnaskolakrk.hr\/punat\/javni-poziv\/\" \/>\n<meta property=\"og:site_name\" content=\"O\u0160 &quot;Fran Krsto Frankopan&quot; Krk P\u0160 Punat\" \/>\n<meta property=\"article:modified_time\" content=\"2022-07-23T11:10:06+00:00\" \/>\n<meta name=\"twitter:card\" content=\"summary_large_image\" \/>\n<meta name=\"twitter:label1\" content=\"Procijenjeno vrijeme \u010ditanja\">\n\t<meta name=\"twitter:data1\" content=\"2 minute\">\n<script type=\"application\/ld+json\" class=\"yoast-schema-graph\">{\"@context\":\"https:\/\/schema.org\",\"@graph\":[{\"@type\":\"WebSite\",\"@id\":\"https:\/\/osnovnaskolakrk.hr\/punat\/#website\",\"url\":\"https:\/\/osnovnaskolakrk.hr\/punat\/\",\"name\":\"O\\u0160 &quot;Fran Krsto Frankopan&quot; Krk P\\u0160 Punat\",\"description\":\"\",\"potentialAction\":[{\"@type\":\"SearchAction\",\"target\":\"https:\/\/osnovnaskolakrk.hr\/punat\/?s={search_term_string}\",\"query-input\":\"required name=search_term_string\"}],\"inLanguage\":\"hr\"},{\"@type\":\"WebPage\",\"@id\":\"http:\/\/osnovnaskolakrk.hr\/punat\/javni-poziv\/#webpage\",\"url\":\"http:\/\/osnovnaskolakrk.hr\/punat\/javni-poziv\/\",\"name\":\"Javni poziv - O\\u0160 &quot;Fran Krsto Frankopan&quot; Krk P\\u0160 Punat\",\"isPartOf\":{\"@id\":\"https:\/\/osnovnaskolakrk.hr\/punat\/#website\"},\"datePublished\":\"2015-02-24T07:32:31+00:00\",\"dateModified\":\"2022-07-23T11:10:06+00:00\",\"breadcrumb\":{\"@id\":\"http:\/\/osnovnaskolakrk.hr\/punat\/javni-poziv\/#breadcrumb\"},\"inLanguage\":\"hr\",\"potentialAction\":[{\"@type\":\"ReadAction\",\"target\":[\"http:\/\/osnovnaskolakrk.hr\/punat\/javni-poziv\/\"]}]},{\"@type\":\"BreadcrumbList\",\"@id\":\"http:\/\/osnovnaskolakrk.hr\/punat\/javni-poziv\/#breadcrumb\",\"itemListElement\":[{\"@type\":\"ListItem\",\"position\":1,\"item\":{\"@type\":\"WebPage\",\"@id\":\"https:\/\/osnovnaskolakrk.hr\/punat\/\",\"url\":\"https:\/\/osnovnaskolakrk.hr\/punat\/\",\"name\":\"Po\\u010detna stranica\"}},{\"@type\":\"ListItem\",\"position\":2,\"item\":{\"@type\":\"WebPage\",\"@id\":\"http:\/\/osnovnaskolakrk.hr\/punat\/javni-poziv\/\",\"url\":\"http:\/\/osnovnaskolakrk.hr\/punat\/javni-poziv\/\",\"name\":\"Javni poziv\"}}]}]}<\/script>\n<!-- \/ Yoast SEO plugin. -->","_links":{"self":[{"href":"https:\/\/osnovnaskolakrk.hr\/punat\/wp-json\/wp\/v2\/pages\/731","targetHints":{"allow":["GET"]}}],"collection":[{"href":"https:\/\/osnovnaskolakrk.hr\/punat\/wp-json\/wp\/v2\/pages"}],"about":[{"href":"https:\/\/osnovnaskolakrk.hr\/punat\/wp-json\/wp\/v2\/types\/page"}],"author":[{"embeddable":true,"href":"https:\/\/osnovnaskolakrk.hr\/punat\/wp-json\/wp\/v2\/users\/1"}],"replies":[{"embeddable":true,"href":"https:\/\/osnovnaskolakrk.hr\/punat\/wp-json\/wp\/v2\/comments?post=731"}],"version-history":[{"count":63,"href":"https:\/\/osnovnaskolakrk.hr\/punat\/wp-json\/wp\/v2\/pages\/731\/revisions"}],"predecessor-version":[{"id":7438,"href":"https:\/\/osnovnaskolakrk.hr\/punat\/wp-json\/wp\/v2\/pages\/731\/revisions\/7438"}],"wp:attachment":[{"href":"https:\/\/osnovnaskolakrk.hr\/punat\/wp-json\/wp\/v2\/media?parent=731"}],"curies":[{"name":"wp","href":"https:\/\/api.w.org\/{rel}","templated":true}]}}